{"id":856,"date":"2025-10-14T14:45:46","date_gmt":"2025-10-14T14:45:46","guid":{"rendered":"https:\/\/motosandresmontoya.com\/?page_id=856"},"modified":"2025-11-10T11:19:39","modified_gmt":"2025-11-10T11:19:39","slug":"especificaciones-ra-125-plus","status":"publish","type":"page","link":"https:\/\/motosandresmontoya.com\/?page_id=856","title":{"rendered":"RA 125 PLUS"},"content":{"rendered":"\n<h5 class=\"wp-block-heading has-default-color has-text-color has-link-color wp-elements-1\"><\/h5>\n\n\n\n<div class=\"wp-block-columns is-layout-flex wp-container-core-columns-is-layout-7387b849 wp-block-columns-is-layout-flex\">\n<div class=\"wp-block-column is-layout-flow wp-block-column-is-layout-flow\">\n<figure class=\"wp-block-gallery has-nested-images columns-default is-cropped wp-block-gallery-1 is-layout-flex wp-block-gallery-is-layout-flex\">\n<figure class=\"wp-block-image size-large\"><img loading=\"lazy\" decoding=\"async\" width=\"1024\" height=\"1024\" data-id=\"858\" src=\"https:\/\/motosandresmontoya.com\/wp-content\/uploads\/2025\/10\/ChatGPT-Image-14-oct-2025-16_35_39.png\" alt=\"\" class=\"wp-image-858\" srcset=\"https:\/\/motosandresmontoya.com\/wp-content\/uploads\/2025\/10\/ChatGPT-Image-14-oct-2025-16_35_39.png 1024w, https:\/\/motosandresmontoya.com\/wp-content\/uploads\/2025\/10\/ChatGPT-Image-14-oct-2025-16_35_39-300x300.png 300w, https:\/\/motosandresmontoya.com\/wp-content\/uploads\/2025\/10\/ChatGPT-Image-14-oct-2025-16_35_39-150x150.png 150w, https:\/\/motosandresmontoya.com\/wp-content\/uploads\/2025\/10\/ChatGPT-Image-14-oct-2025-16_35_39-768x768.png 768w\" sizes=\"auto, (max-width: 1024px) 100vw, 1024px\" \/><\/figure>\n<\/figure>\n<\/div>\n\n\n\n<div class=\"wp-block-column has-default-color has-text-color has-link-color wp-elements-2 is-layout-flow wp-block-column-is-layout-flow\">\n<h2 class=\"wp-block-heading has-text-align-center\">Estilo y potencia<\/h2>\n\n\n\n<hr class=\"wp-block-separator has-alpha-channel-opacity\"\/>\n\n\n\n<p class=\"wp-block-paragraph\">La RA 125 Plus conjuga el encanto del dise\u00f1o cl\u00e1sico con tecnolog\u00eda actual. Con motor 125 cc, detalles cromados, iluminaci\u00f3n LED y configuraci\u00f3n pensada para una conducci\u00f3n c\u00f3moda y confiable, es ideal para quienes quieren destacar sin renunciar a la robustez y eficiencia.<\/p>\n\n\n\n<p class=\"wp-block-paragraph\"><strong>PVPR: <em>3.090,00 \u20ac<\/em><\/strong><\/p>\n\n\n\n<p class=\"wp-block-paragraph\">Iva incluido. Los gastos de matriculaci\u00f3n y portes hasta Baleares y Canaria no incluidos.<\/p>\n\n\n\n<div class=\"wp-block-buttons is-content-justification-center is-layout-flex wp-container-core-buttons-is-layout-3e41869c wp-block-buttons-is-layout-flex\">\n<div class=\"wp-block-button has-custom-width wp-block-button__width-50\"><a class=\"wp-block-button__link wp-element-button\" href=\"https:\/\/motosandresmontoya.com\/?page_id=857\">Fotos<\/a><\/div>\n<\/div>\n<\/div>\n<\/div>\n\n\n\n<hr class=\"wp-block-separator has-text-color has-default-color has-alpha-channel-opacity has-default-background-color has-background\"\/>\n\n\n\n<h2 class=\"wp-block-heading has-text-align-center has-default-color has-text-color has-link-color wp-elements-3\">Especificaciones<\/h2>\n\n\n\n<div class=\"guten-element guten-tabs guten-F5PEHT horizontal-center\"><div class=\"tab-heading\"><div class=\"tab-heading-item active\" id=\"tab-2gREnA\" data-id=\"tab-2gREnA\"><span>Motor<\/span><\/div><div class=\"tab-heading-item\" id=\"tab-KrZyGz\" data-id=\"tab-KrZyGz\"><span>Parte Ciclo<\/span><\/div><\/div><div class=\"tab-heading-mobile\"><div class=\"tab-title\"><span>Motor<\/span><i class=\"tab-dropdown-icon fas\"><\/i><\/div><div class=\"tab-option\"><div data-id=\"tab-2gREnA\" class=\"tab-option-item active\"><span>Motor<\/span><\/div><div data-id=\"tab-KrZyGz\" class=\"tab-option-item\"><span>Parte Ciclo<\/span><\/div><\/div><\/div><div class=\"tab-body\">\n<div class=\"tab-2gREnA tab-body-item\" data-id=\"tab-2gREnA\">\n<p class=\"has-base-color has-text-color has-link-color wp-elements-4 wp-block-paragraph\"><strong>Tipo\/Cilindrada<\/strong><\/p>\n\n\n\n<p class=\"has-base-color has-text-color has-link-color wp-elements-5 wp-block-paragraph\">4T\/ 124cc<\/p>\n\n\n\n<p class=\"has-base-color has-text-color has-link-color wp-elements-6 wp-block-paragraph\"><strong>Distribuci\u00f3n<\/strong><\/p>\n\n\n\n<p class=\"has-base-color has-text-color has-link-color wp-elements-7 wp-block-paragraph\">Cadena \/ OHC<\/p>\n\n\n\n<p class=\"has-base-color has-text-color has-link-color wp-elements-8 wp-block-paragraph\"><strong>N\u00ba Cilindros<\/strong><\/p>\n\n\n\n<p class=\"has-base-color has-text-color has-link-color wp-elements-9 wp-block-paragraph\">1<\/p>\n\n\n\n<p class=\"has-base-color has-text-color has-link-color wp-elements-10 wp-block-paragraph\"><strong>N\u00ba de V\u00e1lvulas<\/strong><\/p>\n\n\n\n<p class=\"has-base-color has-text-color has-link-color wp-elements-11 wp-block-paragraph\">4<\/p>\n\n\n\n<p class=\"has-base-color has-text-color has-link-color wp-elements-12 wp-block-paragraph\"><strong>Alimentaci\u00f3n<\/strong><\/p>\n\n\n\n<p class=\"has-base-color has-text-color has-link-color wp-elements-13 wp-block-paragraph\">Inyecci\u00f3n electr\u00f3nica<\/p>\n\n\n\n<p class=\"has-base-color has-text-color has-link-color wp-elements-14 wp-block-paragraph\"><strong>Refrigeraci\u00f3n<\/strong><\/p>\n\n\n\n<p class=\"has-base-color has-text-color has-link-color wp-elements-15 wp-block-paragraph\">L\u00edquida<\/p>\n\n\n\n<p class=\"has-base-color has-text-color has-link-color wp-elements-16 wp-block-paragraph\"><strong>Di\u00e1metro x Carrera<\/strong><\/p>\n\n\n\n<p class=\"has-base-color has-text-color has-link-color wp-elements-17 wp-block-paragraph\">58 mm x 47 mm<\/p>\n\n\n\n<p class=\"has-base-color has-text-color has-link-color wp-elements-18 wp-block-paragraph\"><strong>CV<\/strong><\/p>\n\n\n\n<p class=\"has-base-color has-text-color has-link-color wp-elements-19 wp-block-paragraph\">14,96<\/p>\n\n\n\n<p class=\"has-base-color has-text-color has-link-color wp-elements-20 wp-block-paragraph\"><strong>Potencia M\u00e1xima (KW\/RPM)<\/strong><\/p>\n\n\n\n<p class=\"has-base-color has-text-color has-link-color wp-elements-21 wp-block-paragraph\">11kw \/ 10000rpm<\/p>\n\n\n\n<p class=\"has-base-color has-text-color has-link-color wp-elements-22 wp-block-paragraph\"><strong>PAR M\u00e1ximo (NM\/RPM)<\/strong><\/p>\n\n\n\n<p class=\"has-base-color has-text-color has-link-color wp-elements-23 wp-block-paragraph\">11Nm \/ 9000 rpm<\/p>\n\n\n\n<p class=\"has-base-color has-text-color has-link-color wp-elements-24 wp-block-paragraph\"><strong>Normativa Euro<\/strong><\/p>\n\n\n\n<p class=\"has-base-color has-text-color has-link-color wp-elements-25 wp-block-paragraph\">Euro 5+<\/p>\n\n\n\n<p class=\"has-base-color has-text-color has-link-color wp-elements-26 wp-block-paragraph\"><strong>Transmisi\u00f3n primaria \/ N\u00ba Marchas<\/strong><\/p>\n\n\n\n<p class=\"has-base-color has-text-color has-link-color wp-elements-27 wp-block-paragraph\">Engranajes \/ 6 marchas<\/p>\n\n\n\n<p class=\"has-base-color has-text-color has-link-color wp-elements-28 wp-block-paragraph\"><strong>Transmisi\u00f3n Secundaria<\/strong><\/p>\n\n\n\n<p class=\"has-base-color has-text-color has-link-color wp-elements-29 wp-block-paragraph\">Cadena<\/p>\n\n\n\n<p class=\"has-base-color has-text-color has-link-color wp-elements-30 wp-block-paragraph\"><strong>Embrague<\/strong><\/p>\n\n\n\n<p class=\"has-base-color has-text-color has-link-color wp-elements-31 wp-block-paragraph\">Manual de disco h\u00famedo<\/p>\n<\/div>\n\n\n\n<div class=\"tab-KrZyGz tab-body-item\" data-id=\"tab-KrZyGz\">\n<p class=\"has-text-align-right has-base-color has-text-color has-link-color wp-elements-32 wp-block-paragraph\"><strong>Chasis<\/strong><\/p>\n\n\n\n<p class=\"has-text-align-right has-base-color has-text-color has-link-color wp-elements-33 wp-block-paragraph\">Tubo de acero<\/p>\n\n\n\n<p class=\"has-text-align-right has-base-color has-text-color has-link-color wp-elements-34 wp-block-paragraph\"><strong>Suspensi\u00f3n Delantera<\/strong><\/p>\n\n\n\n<p class=\"has-text-align-right has-base-color has-text-color has-link-color wp-elements-35 wp-block-paragraph\">Horquilla convencional con barras de 37 mm de di\u00e1metro y 135 mm de recorrido<\/p>\n\n\n\n<p class=\"has-text-align-right has-base-color has-text-color has-link-color wp-elements-36 wp-block-paragraph\"><strong>Suspensi\u00f3n Trasera<\/strong><\/p>\n\n\n\n<p class=\"has-text-align-right has-base-color has-text-color has-link-color wp-elements-37 wp-block-paragraph\">Doble amortiguador regulable en precarga con un recorrido de 62 mm<\/p>\n\n\n\n<p class=\"has-text-align-right has-base-color has-text-color has-link-color wp-elements-38 wp-block-paragraph\"><strong>Freno Delantero<\/strong><\/p>\n\n\n\n<p class=\"has-text-align-right has-base-color has-text-color has-link-color wp-elements-39 wp-block-paragraph\">Disco de 300 mm con ABS<\/p>\n\n\n\n<p class=\"has-text-align-right has-base-color has-text-color has-link-color wp-elements-40 wp-block-paragraph\"><strong>Freno Trasero<\/strong><\/p>\n\n\n\n<p class=\"has-text-align-right has-base-color has-text-color has-link-color wp-elements-41 wp-block-paragraph\">Disco de 240 mm con ABS<\/p>\n\n\n\n<p class=\"has-text-align-right has-base-color has-text-color has-link-color wp-elements-42 wp-block-paragraph\"><strong>Rueda Delantera<\/strong><\/p>\n\n\n\n<p class=\"has-text-align-right has-base-color has-text-color has-link-color wp-elements-43 wp-block-paragraph\">110\/80 \u2013 18<\/p>\n\n\n\n<p class=\"has-text-align-right has-base-color has-text-color has-link-color wp-elements-44 wp-block-paragraph\"><strong>Rueda Trasera<\/strong><\/p>\n\n\n\n<p class=\"has-text-align-right has-base-color has-text-color has-link-color wp-elements-45 wp-block-paragraph\">140\/90 \u2013 15<\/p>\n\n\n\n<p class=\"has-text-align-right has-base-color has-text-color has-link-color wp-elements-46 wp-block-paragraph\"><strong>Distancia entre ejes<\/strong><\/p>\n\n\n\n<p class=\"has-text-align-right has-base-color has-text-color has-link-color wp-elements-47 wp-block-paragraph\">1460 mm<\/p>\n\n\n\n<p class=\"has-text-align-right has-base-color has-text-color has-link-color wp-elements-48 wp-block-paragraph\"><strong>Altura de Asiento<\/strong><\/p>\n\n\n\n<p class=\"has-text-align-right has-base-color has-text-color has-link-color wp-elements-49 wp-block-paragraph\">740 mm<\/p>\n\n\n\n<p class=\"has-text-align-right has-base-color has-text-color has-link-color wp-elements-50 wp-block-paragraph\"><strong>Capacidad Dep\u00f3sito Combustible<\/strong><\/p>\n\n\n\n<p class=\"has-text-align-right has-base-color has-text-color has-link-color wp-elements-51 wp-block-paragraph\">15L<\/p>\n\n\n\n<p class=\"has-text-align-right has-base-color has-text-color has-link-color wp-elements-52 wp-block-paragraph\"><strong>Peso<\/strong><\/p>\n\n\n\n<p class=\"has-text-align-right has-base-color has-text-color has-link-color wp-elements-53 wp-block-paragraph\">153 kg<\/p>\n<\/div>\n<\/div><\/div>\n","protected":false},"excerpt":{"rendered":"<p>Estilo y potencia La RA 125 Plus conjuga el encanto del dise\u00f1o cl\u00e1sico con tecnolog\u00eda actual. Con motor 125 cc, detalles cromados, iluminaci\u00f3n LED y configuraci\u00f3n pensada para una conducci\u00f3n c\u00f3moda y confiable, es ideal para quienes quieren destacar sin renunciar a la robustez y eficiencia. PVPR: 3.090,00 \u20ac Iva incluido. Los gastos de matriculaci\u00f3n [&hellip;]<\/p>\n","protected":false},"author":1,"featured_media":0,"parent":0,"menu_order":0,"comment_status":"closed","ping_status":"closed","template":"","meta":{"footnotes":""},"class_list":["post-856","page","type-page","status-publish","hentry"],"_links":{"self":[{"href":"https:\/\/motosandresmontoya.com\/index.php?rest_route=\/wp\/v2\/pages\/856","targetHints":{"allow":["GET"]}}],"collection":[{"href":"https:\/\/motosandresmontoya.com\/index.php?rest_route=\/wp\/v2\/pages"}],"about":[{"href":"https:\/\/motosandresmontoya.com\/index.php?rest_route=\/wp\/v2\/types\/page"}],"author":[{"embeddable":true,"href":"https:\/\/motosandresmontoya.com\/index.php?rest_route=\/wp\/v2\/users\/1"}],"replies":[{"embeddable":true,"href":"https:\/\/motosandresmontoya.com\/index.php?rest_route=%2Fwp%2Fv2%2Fcomments&post=856"}],"version-history":[{"count":5,"href":"https:\/\/motosandresmontoya.com\/index.php?rest_route=\/wp\/v2\/pages\/856\/revisions"}],"predecessor-version":[{"id":2323,"href":"https:\/\/motosandresmontoya.com\/index.php?rest_route=\/wp\/v2\/pages\/856\/revisions\/2323"}],"wp:attachment":[{"href":"https:\/\/motosandresmontoya.com\/index.php?rest_route=%2Fwp%2Fv2%2Fmedia&parent=856"}],"curies":[{"name":"wp","href":"https:\/\/api.w.org\/{rel}","templated":true}]}}

<h5 class="wp-block-heading has-default-color has-text-color has-link-color wp-elements-1"></h5>



<div class="wp-block-columns is-layout-flex wp-container-core-columns-is-layout-7387b849 wp-block-columns-is-layout-flex">
<div class="wp-block-column is-layout-flow wp-block-column-is-layout-flow">
<figure class="wp-block-gallery has-nested-images columns-default is-cropped wp-block-gallery-1 is-layout-flex wp-block-gallery-is-layout-flex">
<figure class="wp-block-image size-large"><img loading="lazy" decoding="async" width="1024" height="1024" data-id="858" src="https://motosandresmontoya.com/wp-content/uploads/2025/10/ChatGPT-Image-14-oct-2025-16_35_39.png" alt="" class="wp-image-858" srcset="https://motosandresmontoya.com/wp-content/uploads/2025/10/ChatGPT-Image-14-oct-2025-16_35_39.png 1024w, https://motosandresmontoya.com/wp-content/uploads/2025/10/ChatGPT-Image-14-oct-2025-16_35_39-300x300.png 300w, https://motosandresmontoya.com/wp-content/uploads/2025/10/ChatGPT-Image-14-oct-2025-16_35_39-150x150.png 150w, https://motosandresmontoya.com/wp-content/uploads/2025/10/ChatGPT-Image-14-oct-2025-16_35_39-768x768.png 768w" sizes="auto, (max-width: 1024px) 100vw, 1024px" /></figure>
</figure>
</div>



<div class="wp-block-column has-default-color has-text-color has-link-color wp-elements-2 is-layout-flow wp-block-column-is-layout-flow">
<h2 class="wp-block-heading has-text-align-center">Estilo y potencia</h2>



<hr class="wp-block-separator has-alpha-channel-opacity"/>



<p class="wp-block-paragraph">La RA 125 Plus conjuga el encanto del diseño clásico con tecnología actual. Con motor 125 cc, detalles cromados, iluminación LED y configuración pensada para una conducción cómoda y confiable, es ideal para quienes quieren destacar sin renunciar a la robustez y eficiencia.</p>



<p class="wp-block-paragraph"><strong>PVPR: <em>3.090,00 €</em></strong></p>



<p class="wp-block-paragraph">Iva incluido. Los gastos de matriculación y portes hasta Baleares y Canaria no incluidos.</p>



<div class="wp-block-buttons is-content-justification-center is-layout-flex wp-container-core-buttons-is-layout-3e41869c wp-block-buttons-is-layout-flex">
<div class="wp-block-button has-custom-width wp-block-button__width-50"><a class="wp-block-button__link wp-element-button" href="https://motosandresmontoya.com/?page_id=857">Fotos</a></div>
</div>
</div>
</div>



<hr class="wp-block-separator has-text-color has-default-color has-alpha-channel-opacity has-default-background-color has-background"/>



<h2 class="wp-block-heading has-text-align-center has-default-color has-text-color has-link-color wp-elements-3">Especificaciones</h2>



<div class="guten-element guten-tabs guten-F5PEHT horizontal-center"><div class="tab-heading"><div class="tab-heading-item active" id="tab-2gREnA" data-id="tab-2gREnA"><span>Motor</span></div><div class="tab-heading-item" id="tab-KrZyGz" data-id="tab-KrZyGz"><span>Parte Ciclo</span></div></div><div class="tab-heading-mobile"><div class="tab-title"><span>Motor</span><i class="tab-dropdown-icon fas"></i></div><div class="tab-option"><div data-id="tab-2gREnA" class="tab-option-item active"><span>Motor</span></div><div data-id="tab-KrZyGz" class="tab-option-item"><span>Parte Ciclo</span></div></div></div><div class="tab-body">
<div class="tab-2gREnA tab-body-item" data-id="tab-2gREnA">
<p class="has-base-color has-text-color has-link-color wp-elements-4 wp-block-paragraph"><strong>Tipo/Cilindrada</strong></p>



<p class="has-base-color has-text-color has-link-color wp-elements-5 wp-block-paragraph">4T/ 124cc</p>



<p class="has-base-color has-text-color has-link-color wp-elements-6 wp-block-paragraph"><strong>Distribución</strong></p>



<p class="has-base-color has-text-color has-link-color wp-elements-7 wp-block-paragraph">Cadena / OHC</p>



<p class="has-base-color has-text-color has-link-color wp-elements-8 wp-block-paragraph"><strong>Nº Cilindros</strong></p>



<p class="has-base-color has-text-color has-link-color wp-elements-9 wp-block-paragraph">1</p>



<p class="has-base-color has-text-color has-link-color wp-elements-10 wp-block-paragraph"><strong>Nº de Válvulas</strong></p>



<p class="has-base-color has-text-color has-link-color wp-elements-11 wp-block-paragraph">4</p>



<p class="has-base-color has-text-color has-link-color wp-elements-12 wp-block-paragraph"><strong>Alimentación</strong></p>



<p class="has-base-color has-text-color has-link-color wp-elements-13 wp-block-paragraph">Inyección electrónica</p>



<p class="has-base-color has-text-color has-link-color wp-elements-14 wp-block-paragraph"><strong>Refrigeración</strong></p>



<p class="has-base-color has-text-color has-link-color wp-elements-15 wp-block-paragraph">Líquida</p>



<p class="has-base-color has-text-color has-link-color wp-elements-16 wp-block-paragraph"><strong>Diámetro x Carrera</strong></p>



<p class="has-base-color has-text-color has-link-color wp-elements-17 wp-block-paragraph">58 mm x 47 mm</p>



<p class="has-base-color has-text-color has-link-color wp-elements-18 wp-block-paragraph"><strong>CV</strong></p>



<p class="has-base-color has-text-color has-link-color wp-elements-19 wp-block-paragraph">14,96</p>



<p class="has-base-color has-text-color has-link-color wp-elements-20 wp-block-paragraph"><strong>Potencia Máxima (KW/RPM)</strong></p>



<p class="has-base-color has-text-color has-link-color wp-elements-21 wp-block-paragraph">11kw / 10000rpm</p>



<p class="has-base-color has-text-color has-link-color wp-elements-22 wp-block-paragraph"><strong>PAR Máximo (NM/RPM)</strong></p>



<p class="has-base-color has-text-color has-link-color wp-elements-23 wp-block-paragraph">11Nm / 9000 rpm</p>



<p class="has-base-color has-text-color has-link-color wp-elements-24 wp-block-paragraph"><strong>Normativa Euro</strong></p>



<p class="has-base-color has-text-color has-link-color wp-elements-25 wp-block-paragraph">Euro 5+</p>



<p class="has-base-color has-text-color has-link-color wp-elements-26 wp-block-paragraph"><strong>Transmisión primaria / Nº Marchas</strong></p>



<p class="has-base-color has-text-color has-link-color wp-elements-27 wp-block-paragraph">Engranajes / 6 marchas</p>



<p class="has-base-color has-text-color has-link-color wp-elements-28 wp-block-paragraph"><strong>Transmisión Secundaria</strong></p>



<p class="has-base-color has-text-color has-link-color wp-elements-29 wp-block-paragraph">Cadena</p>



<p class="has-base-color has-text-color has-link-color wp-elements-30 wp-block-paragraph"><strong>Embrague</strong></p>



<p class="has-base-color has-text-color has-link-color wp-elements-31 wp-block-paragraph">Manual de disco húmedo</p>
</div>



<div class="tab-KrZyGz tab-body-item" data-id="tab-KrZyGz">
<p class="has-text-align-right has-base-color has-text-color has-link-color wp-elements-32 wp-block-paragraph"><strong>Chasis</strong></p>



<p class="has-text-align-right has-base-color has-text-color has-link-color wp-elements-33 wp-block-paragraph">Tubo de acero</p>



<p class="has-text-align-right has-base-color has-text-color has-link-color wp-elements-34 wp-block-paragraph"><strong>Suspensión Delantera</strong></p>



<p class="has-text-align-right has-base-color has-text-color has-link-color wp-elements-35 wp-block-paragraph">Horquilla convencional con barras de 37 mm de diámetro y 135 mm de recorrido</p>



<p class="has-text-align-right has-base-color has-text-color has-link-color wp-elements-36 wp-block-paragraph"><strong>Suspensión Trasera</strong></p>



<p class="has-text-align-right has-base-color has-text-color has-link-color wp-elements-37 wp-block-paragraph">Doble amortiguador regulable en precarga con un recorrido de 62 mm</p>



<p class="has-text-align-right has-base-color has-text-color has-link-color wp-elements-38 wp-block-paragraph"><strong>Freno Delantero</strong></p>



<p class="has-text-align-right has-base-color has-text-color has-link-color wp-elements-39 wp-block-paragraph">Disco de 300 mm con ABS</p>



<p class="has-text-align-right has-base-color has-text-color has-link-color wp-elements-40 wp-block-paragraph"><strong>Freno Trasero</strong></p>



<p class="has-text-align-right has-base-color has-text-color has-link-color wp-elements-41 wp-block-paragraph">Disco de 240 mm con ABS</p>



<p class="has-text-align-right has-base-color has-text-color has-link-color wp-elements-42 wp-block-paragraph"><strong>Rueda Delantera</strong></p>



<p class="has-text-align-right has-base-color has-text-color has-link-color wp-elements-43 wp-block-paragraph">110/80 – 18</p>



<p class="has-text-align-right has-base-color has-text-color has-link-color wp-elements-44 wp-block-paragraph"><strong>Rueda Trasera</strong></p>



<p class="has-text-align-right has-base-color has-text-color has-link-color wp-elements-45 wp-block-paragraph">140/90 – 15</p>



<p class="has-text-align-right has-base-color has-text-color has-link-color wp-elements-46 wp-block-paragraph"><strong>Distancia entre ejes</strong></p>



<p class="has-text-align-right has-base-color has-text-color has-link-color wp-elements-47 wp-block-paragraph">1460 mm</p>



<p class="has-text-align-right has-base-color has-text-color has-link-color wp-elements-48 wp-block-paragraph"><strong>Altura de Asiento</strong></p>



<p class="has-text-align-right has-base-color has-text-color has-link-color wp-elements-49 wp-block-paragraph">740 mm</p>



<p class="has-text-align-right has-base-color has-text-color has-link-color wp-elements-50 wp-block-paragraph"><strong>Capacidad Depósito Combustible</strong></p>



<p class="has-text-align-right has-base-color has-text-color has-link-color wp-elements-51 wp-block-paragraph">15L</p>



<p class="has-text-align-right has-base-color has-text-color has-link-color wp-elements-52 wp-block-paragraph"><strong>Peso</strong></p>



<p class="has-text-align-right has-base-color has-text-color has-link-color wp-elements-53 wp-block-paragraph">153 kg</p>
</div>
</div></div>

<p>Estilo y potencia La RA 125 Plus conjuga el encanto del diseño clásico con tecnología actual. Con motor 125 cc, detalles cromados, iluminación LED y configuración pensada para una conducción cómoda y confiable, es ideal para quienes quieren destacar sin renunciar a la robustez y eficiencia. PVPR: 3.090,00 € Iva incluido. Los gastos de matriculación [&hellip;]</p>
