{"id":825,"date":"2025-10-14T10:20:22","date_gmt":"2025-10-14T10:20:22","guid":{"rendered":"https:\/\/motosandresmontoya.com\/?page_id=825"},"modified":"2025-11-10T11:24:05","modified_gmt":"2025-11-10T11:24:05","slug":"especificaciones-rx600","status":"publish","type":"page","link":"https:\/\/motosandresmontoya.com\/?page_id=825","title":{"rendered":"RX 600"},"content":{"rendered":"\n<div class=\"wp-block-columns is-layout-flex wp-container-core-columns-is-layout-7387b849 wp-block-columns-is-layout-flex\">\n<div class=\"wp-block-column is-layout-flow wp-block-column-is-layout-flow\">\n<figure class=\"wp-block-gallery has-nested-images columns-default is-cropped wp-block-gallery-1 is-layout-flex wp-block-gallery-is-layout-flex\">\n<figure class=\"wp-block-image size-large\"><img loading=\"lazy\" decoding=\"async\" width=\"1024\" height=\"1024\" data-id=\"827\" src=\"https:\/\/motosandresmontoya.com\/wp-content\/uploads\/2025\/10\/ChatGPT-Image-14-oct-2025-12_11_37.png\" alt=\"\" class=\"wp-image-827\" srcset=\"https:\/\/motosandresmontoya.com\/wp-content\/uploads\/2025\/10\/ChatGPT-Image-14-oct-2025-12_11_37.png 1024w, https:\/\/motosandresmontoya.com\/wp-content\/uploads\/2025\/10\/ChatGPT-Image-14-oct-2025-12_11_37-300x300.png 300w, https:\/\/motosandresmontoya.com\/wp-content\/uploads\/2025\/10\/ChatGPT-Image-14-oct-2025-12_11_37-150x150.png 150w, https:\/\/motosandresmontoya.com\/wp-content\/uploads\/2025\/10\/ChatGPT-Image-14-oct-2025-12_11_37-768x768.png 768w\" sizes=\"auto, (max-width: 1024px) 100vw, 1024px\" \/><\/figure>\n<\/figure>\n<\/div>\n\n\n\n<div class=\"wp-block-column has-default-color has-text-color has-link-color wp-elements-1 is-layout-flow wp-block-column-is-layout-flow\">\n<h2 class=\"wp-block-heading has-text-align-center\">Domina el Terreno<\/h2>\n\n\n\n<p class=\"wp-block-paragraph\">El <strong>Cyclone Trail RX600<\/strong> es el trail de alta gama que exige respeto: motor potente, chasis robusto, suspensi\u00f3n de largo recorrido, electr\u00f3nica avanzada y dise\u00f1o agresivo. Perfecta para quienes buscan recorrer rutas exigentes con autonom\u00eda, control y presencia sobre cualquier superficie.<\/p>\n\n\n\n<p class=\"wp-block-paragraph\"><strong>PVPR: <em>5.290,00 \u20ac<\/em><\/strong><\/p>\n\n\n\n<p class=\"wp-block-paragraph\">Iva incluido. Los gastos de matriculaci\u00f3n y portes hasta Baleares y Canaria no incluidos.<\/p>\n\n\n\n<div class=\"wp-block-buttons is-content-justification-center is-layout-flex wp-container-core-buttons-is-layout-3e41869c wp-block-buttons-is-layout-flex\">\n<div class=\"wp-block-button has-custom-width wp-block-button__width-50\"><a class=\"wp-block-button__link wp-element-button\" href=\"https:\/\/motosandresmontoya.com\/?page_id=826\">Fotos<\/a><\/div>\n<\/div>\n<\/div>\n<\/div>\n\n\n\n<hr class=\"wp-block-separator has-text-color has-default-color has-alpha-channel-opacity has-default-background-color has-background\"\/>\n\n\n\n<h2 class=\"wp-block-heading has-text-align-center has-default-color has-text-color has-link-color wp-elements-2\">Especificaciones<\/h2>\n\n\n\n<div class=\"guten-element guten-tabs guten-7XZ7fw horizontal-center\"><div class=\"tab-heading\"><div class=\"tab-heading-item active\" id=\"tab-0SdggZ\" data-id=\"tab-0SdggZ\"><span>Motor<\/span><\/div><div class=\"tab-heading-item\" id=\"tab-Ngae5b\" data-id=\"tab-Ngae5b\"><span>Parte Ciclo<\/span><\/div><\/div><div class=\"tab-heading-mobile\"><div class=\"tab-title\"><span>Motor<\/span><i class=\"tab-dropdown-icon fas\"><\/i><\/div><div class=\"tab-option\"><div data-id=\"tab-0SdggZ\" class=\"tab-option-item active\"><span>Motor<\/span><\/div><div data-id=\"tab-Ngae5b\" class=\"tab-option-item\"><span>Parte Ciclo<\/span><\/div><\/div><\/div><div class=\"tab-body\">\n<div class=\"tab-0SdggZ tab-body-item\" data-id=\"tab-0SdggZ\">\n<p class=\"has-base-color has-text-color has-link-color wp-elements-3 wp-block-paragraph\"><strong>Tipo \/ Cilindrada<\/strong><\/p>\n\n\n\n<p class=\"has-base-color has-text-color has-link-color wp-elements-4 wp-block-paragraph\">4T \/ 550 cc<\/p>\n\n\n\n<p class=\"has-base-color has-text-color has-link-color wp-elements-5 wp-block-paragraph\"><strong>Disttribuci\u00f3n<\/strong><\/p>\n\n\n\n<p class=\"has-base-color has-text-color has-link-color wp-elements-6 wp-block-paragraph\">Cadena \/ DOHC<\/p>\n\n\n\n<p class=\"has-base-color has-text-color has-link-color wp-elements-7 wp-block-paragraph\"><strong>N\u00ba Cilindros<\/strong><\/p>\n\n\n\n<p class=\"has-base-color has-text-color has-link-color wp-elements-8 wp-block-paragraph\">2<\/p>\n\n\n\n<p class=\"has-base-color has-text-color has-link-color wp-elements-9 wp-block-paragraph\"><strong>N\u00ba de V\u00e1lvulas<\/strong><\/p>\n\n\n\n<p class=\"has-base-color has-text-color has-link-color wp-elements-10 wp-block-paragraph\">8<\/p>\n\n\n\n<p class=\"has-base-color has-text-color has-link-color wp-elements-11 wp-block-paragraph\"><strong>Alimentaci\u00f3n<\/strong><\/p>\n\n\n\n<p class=\"has-base-color has-text-color has-link-color wp-elements-12 wp-block-paragraph\">Inyecci\u00f3n electr\u00f3nica<\/p>\n\n\n\n<p class=\"has-base-color has-text-color has-link-color wp-elements-13 wp-block-paragraph\"><strong>Refrigeraci\u00f3n<\/strong><\/p>\n\n\n\n<p class=\"has-base-color has-text-color has-link-color wp-elements-14 wp-block-paragraph\">L\u00edquida<\/p>\n\n\n\n<p class=\"has-base-color has-text-color has-link-color wp-elements-15 wp-block-paragraph\"><strong>Di\u00e1metro x Carrera<\/strong><\/p>\n\n\n\n<p class=\"has-base-color has-text-color has-link-color wp-elements-16 wp-block-paragraph\">72 mm x 67,5 mm<\/p>\n\n\n\n<p class=\"has-base-color has-text-color has-link-color wp-elements-17 wp-block-paragraph\"><strong>CV (Versi\u00f3n Limitada &#8211; Full)<\/strong><\/p>\n\n\n\n<p class=\"has-base-color has-text-color has-link-color wp-elements-18 wp-block-paragraph\">47,5 CV &#8211; 59, 16 cv<\/p>\n\n\n\n<p class=\"has-base-color has-text-color has-link-color wp-elements-19 wp-block-paragraph\"><strong>Potencia M\u00e1xima (Versi\u00f3n Limitada &#8211; Full)<\/strong><\/p>\n\n\n\n<p class=\"has-base-color has-text-color has-link-color wp-elements-20 wp-block-paragraph\">35 kW \/ 8500 rpm &#8211; 43,5 kW \/ 8500 rpm<\/p>\n\n\n\n<p class=\"has-base-color has-text-color has-link-color wp-elements-21 wp-block-paragraph\"><strong>PAR M\u00e1ximo (NM \/ RPM)<\/strong><\/p>\n\n\n\n<p class=\"has-base-color has-text-color has-link-color wp-elements-22 wp-block-paragraph\">55Nm \/ 6500 rpm<\/p>\n\n\n\n<p class=\"has-base-color has-text-color has-link-color wp-elements-23 wp-block-paragraph\"><strong>Normativa Euro<\/strong><\/p>\n\n\n\n<p class=\"has-base-color has-text-color has-link-color wp-elements-24 wp-block-paragraph\">Euro 5+<\/p>\n\n\n\n<p class=\"has-base-color has-text-color has-link-color wp-elements-25 wp-block-paragraph\"><strong>Transmisi\u00f3n Primaria \/ N\u00ba Marchas<\/strong><\/p>\n\n\n\n<p class=\"has-base-color has-text-color has-link-color wp-elements-26 wp-block-paragraph\">Engranajes \/ 6 marchas<\/p>\n\n\n\n<p class=\"has-base-color has-text-color has-link-color wp-elements-27 wp-block-paragraph\"><strong>Transmisi\u00f3n Secundaria<\/strong><\/p>\n\n\n\n<p class=\"has-base-color has-text-color has-link-color wp-elements-28 wp-block-paragraph\">Cadena<\/p>\n\n\n\n<p class=\"has-base-color has-text-color has-link-color wp-elements-29 wp-block-paragraph\"><strong>Embrague<\/strong><\/p>\n\n\n\n<p class=\"has-base-color has-text-color has-link-color wp-elements-30 wp-block-paragraph\">Manual de discos h\u00famedos<\/p>\n<\/div>\n\n\n\n<div class=\"tab-Ngae5b tab-body-item\" data-id=\"tab-Ngae5b\">\n<p class=\"has-text-align-right has-base-color has-text-color has-link-color wp-elements-31 wp-block-paragraph\"><strong>Chasis<\/strong><\/p>\n\n\n\n<p class=\"has-text-align-right has-base-color has-text-color has-link-color wp-elements-32 wp-block-paragraph\">Multitubular de acero<\/p>\n\n\n\n<p class=\"has-text-align-right has-base-color has-text-color has-link-color wp-elements-33 wp-block-paragraph\"><strong>Suspensi\u00f3n Delantera<\/strong><\/p>\n\n\n\n<p class=\"has-text-align-right has-base-color has-text-color has-link-color wp-elements-34 wp-block-paragraph\">Horquilla invertida ajustable  en compresi\u00f3n y extensi\u00f3n con barras de 41 mm y 130 mm de recorrido<\/p>\n\n\n\n<p class=\"has-text-align-right has-base-color has-text-color has-link-color wp-elements-35 wp-block-paragraph\"><strong>Suspensi\u00f3n Trasera<\/strong><\/p>\n\n\n\n<p class=\"has-text-align-right has-base-color has-text-color has-link-color wp-elements-36 wp-block-paragraph\">Monoamortiguador central ajustable en precarga de muelle y extensi\u00f3n hidr\u00e1ulico<\/p>\n\n\n\n<p class=\"has-text-align-right has-base-color has-text-color has-link-color wp-elements-37 wp-block-paragraph\"><strong>Freno Delantero<\/strong><\/p>\n\n\n\n<p class=\"has-text-align-right has-base-color has-text-color has-link-color wp-elements-38 wp-block-paragraph\">Doble disco de 305 mm con pinzas de 2 pistones con ABS<\/p>\n\n\n\n<p class=\"has-text-align-right has-base-color has-text-color has-link-color wp-elements-39 wp-block-paragraph\"><strong>Freno Trasero<\/strong><\/p>\n\n\n\n<p class=\"has-text-align-right has-base-color has-text-color has-link-color wp-elements-40 wp-block-paragraph\">Disco de 258 mm con pinza de 1 pist\u00f3n con ABS<\/p>\n\n\n\n<p class=\"has-text-align-right has-base-color has-text-color has-link-color wp-elements-41 wp-block-paragraph\"><strong>Rueda Delantera<\/strong><\/p>\n\n\n\n<p class=\"has-text-align-right has-base-color has-text-color has-link-color wp-elements-42 wp-block-paragraph\">110\/80R19<\/p>\n\n\n\n<p class=\"has-text-align-right has-base-color has-text-color has-link-color wp-elements-43 wp-block-paragraph\"><strong>Rueda Trasera<\/strong><\/p>\n\n\n\n<p class=\"has-text-align-right has-base-color has-text-color has-link-color wp-elements-44 wp-block-paragraph\">150\/70R17<\/p>\n\n\n\n<p class=\"has-text-align-right has-base-color has-text-color has-link-color wp-elements-45 wp-block-paragraph\"><strong>Distancia entre ejes<\/strong><\/p>\n\n\n\n<p class=\"has-text-align-right has-base-color has-text-color has-link-color wp-elements-46 wp-block-paragraph\">1425 mm<\/p>\n\n\n\n<p class=\"has-text-align-right has-base-color has-text-color has-link-color wp-elements-47 wp-block-paragraph\"><strong>Altura de Asiento<\/strong><\/p>\n\n\n\n<p class=\"has-text-align-right has-base-color has-text-color has-link-color wp-elements-48 wp-block-paragraph\">820 mm<\/p>\n\n\n\n<p class=\"has-text-align-right has-base-color has-text-color has-link-color wp-elements-49 wp-block-paragraph\"><strong>Capacidad dep\u00f3sito combustible<\/strong><\/p>\n\n\n\n<p class=\"has-text-align-right has-base-color has-text-color has-link-color wp-elements-50 wp-block-paragraph\">18L<\/p>\n\n\n\n<p class=\"has-text-align-right has-base-color has-text-color has-link-color wp-elements-51 wp-block-paragraph\"><strong>Peso<\/strong><\/p>\n\n\n\n<p class=\"has-text-align-right has-base-color has-text-color has-link-color wp-elements-52 wp-block-paragraph\">219 Kg (sin maletas) 230 Kg (con maletas)<\/p>\n<\/div>\n<\/div><\/div>\n\n\n\n<p class=\"wp-block-paragraph\"><\/p>\n","protected":false},"excerpt":{"rendered":"<p>Domina el Terreno El Cyclone Trail RX600 es el trail de alta gama que exige respeto: motor potente, chasis robusto, suspensi\u00f3n de largo recorrido, electr\u00f3nica avanzada y dise\u00f1o agresivo. Perfecta para quienes buscan recorrer rutas exigentes con autonom\u00eda, control y presencia sobre cualquier superficie. PVPR: 5.290,00 \u20ac Iva incluido. Los gastos de matriculaci\u00f3n y portes [&hellip;]<\/p>\n","protected":false},"author":1,"featured_media":0,"parent":0,"menu_order":0,"comment_status":"closed","ping_status":"closed","template":"","meta":{"footnotes":""},"class_list":["post-825","page","type-page","status-publish","hentry"],"_links":{"self":[{"href":"https:\/\/motosandresmontoya.com\/index.php?rest_route=\/wp\/v2\/pages\/825","targetHints":{"allow":["GET"]}}],"collection":[{"href":"https:\/\/motosandresmontoya.com\/index.php?rest_route=\/wp\/v2\/pages"}],"about":[{"href":"https:\/\/motosandresmontoya.com\/index.php?rest_route=\/wp\/v2\/types\/page"}],"author":[{"embeddable":true,"href":"https:\/\/motosandresmontoya.com\/index.php?rest_route=\/wp\/v2\/users\/1"}],"replies":[{"embeddable":true,"href":"https:\/\/motosandresmontoya.com\/index.php?rest_route=%2Fwp%2Fv2%2Fcomments&post=825"}],"version-history":[{"count":7,"href":"https:\/\/motosandresmontoya.com\/index.php?rest_route=\/wp\/v2\/pages\/825\/revisions"}],"predecessor-version":[{"id":2329,"href":"https:\/\/motosandresmontoya.com\/index.php?rest_route=\/wp\/v2\/pages\/825\/revisions\/2329"}],"wp:attachment":[{"href":"https:\/\/motosandresmontoya.com\/index.php?rest_route=%2Fwp%2Fv2%2Fmedia&parent=825"}],"curies":[{"name":"wp","href":"https:\/\/api.w.org\/{rel}","templated":true}]}}

<div class="wp-block-columns is-layout-flex wp-container-core-columns-is-layout-7387b849 wp-block-columns-is-layout-flex">
<div class="wp-block-column is-layout-flow wp-block-column-is-layout-flow">
<figure class="wp-block-gallery has-nested-images columns-default is-cropped wp-block-gallery-1 is-layout-flex wp-block-gallery-is-layout-flex">
<figure class="wp-block-image size-large"><img loading="lazy" decoding="async" width="1024" height="1024" data-id="827" src="https://motosandresmontoya.com/wp-content/uploads/2025/10/ChatGPT-Image-14-oct-2025-12_11_37.png" alt="" class="wp-image-827" srcset="https://motosandresmontoya.com/wp-content/uploads/2025/10/ChatGPT-Image-14-oct-2025-12_11_37.png 1024w, https://motosandresmontoya.com/wp-content/uploads/2025/10/ChatGPT-Image-14-oct-2025-12_11_37-300x300.png 300w, https://motosandresmontoya.com/wp-content/uploads/2025/10/ChatGPT-Image-14-oct-2025-12_11_37-150x150.png 150w, https://motosandresmontoya.com/wp-content/uploads/2025/10/ChatGPT-Image-14-oct-2025-12_11_37-768x768.png 768w" sizes="auto, (max-width: 1024px) 100vw, 1024px" /></figure>
</figure>
</div>



<div class="wp-block-column has-default-color has-text-color has-link-color wp-elements-1 is-layout-flow wp-block-column-is-layout-flow">
<h2 class="wp-block-heading has-text-align-center">Domina el Terreno</h2>



<p class="wp-block-paragraph">El <strong>Cyclone Trail RX600</strong> es el trail de alta gama que exige respeto: motor potente, chasis robusto, suspensión de largo recorrido, electrónica avanzada y diseño agresivo. Perfecta para quienes buscan recorrer rutas exigentes con autonomía, control y presencia sobre cualquier superficie.</p>



<p class="wp-block-paragraph"><strong>PVPR: <em>5.290,00 €</em></strong></p>



<p class="wp-block-paragraph">Iva incluido. Los gastos de matriculación y portes hasta Baleares y Canaria no incluidos.</p>



<div class="wp-block-buttons is-content-justification-center is-layout-flex wp-container-core-buttons-is-layout-3e41869c wp-block-buttons-is-layout-flex">
<div class="wp-block-button has-custom-width wp-block-button__width-50"><a class="wp-block-button__link wp-element-button" href="https://motosandresmontoya.com/?page_id=826">Fotos</a></div>
</div>
</div>
</div>



<hr class="wp-block-separator has-text-color has-default-color has-alpha-channel-opacity has-default-background-color has-background"/>



<h2 class="wp-block-heading has-text-align-center has-default-color has-text-color has-link-color wp-elements-2">Especificaciones</h2>



<div class="guten-element guten-tabs guten-7XZ7fw horizontal-center"><div class="tab-heading"><div class="tab-heading-item active" id="tab-0SdggZ" data-id="tab-0SdggZ"><span>Motor</span></div><div class="tab-heading-item" id="tab-Ngae5b" data-id="tab-Ngae5b"><span>Parte Ciclo</span></div></div><div class="tab-heading-mobile"><div class="tab-title"><span>Motor</span><i class="tab-dropdown-icon fas"></i></div><div class="tab-option"><div data-id="tab-0SdggZ" class="tab-option-item active"><span>Motor</span></div><div data-id="tab-Ngae5b" class="tab-option-item"><span>Parte Ciclo</span></div></div></div><div class="tab-body">
<div class="tab-0SdggZ tab-body-item" data-id="tab-0SdggZ">
<p class="has-base-color has-text-color has-link-color wp-elements-3 wp-block-paragraph"><strong>Tipo / Cilindrada</strong></p>



<p class="has-base-color has-text-color has-link-color wp-elements-4 wp-block-paragraph">4T / 550 cc</p>



<p class="has-base-color has-text-color has-link-color wp-elements-5 wp-block-paragraph"><strong>Disttribución</strong></p>



<p class="has-base-color has-text-color has-link-color wp-elements-6 wp-block-paragraph">Cadena / DOHC</p>



<p class="has-base-color has-text-color has-link-color wp-elements-7 wp-block-paragraph"><strong>Nº Cilindros</strong></p>



<p class="has-base-color has-text-color has-link-color wp-elements-8 wp-block-paragraph">2</p>



<p class="has-base-color has-text-color has-link-color wp-elements-9 wp-block-paragraph"><strong>Nº de Válvulas</strong></p>



<p class="has-base-color has-text-color has-link-color wp-elements-10 wp-block-paragraph">8</p>



<p class="has-base-color has-text-color has-link-color wp-elements-11 wp-block-paragraph"><strong>Alimentación</strong></p>



<p class="has-base-color has-text-color has-link-color wp-elements-12 wp-block-paragraph">Inyección electrónica</p>



<p class="has-base-color has-text-color has-link-color wp-elements-13 wp-block-paragraph"><strong>Refrigeración</strong></p>



<p class="has-base-color has-text-color has-link-color wp-elements-14 wp-block-paragraph">Líquida</p>



<p class="has-base-color has-text-color has-link-color wp-elements-15 wp-block-paragraph"><strong>Diámetro x Carrera</strong></p>



<p class="has-base-color has-text-color has-link-color wp-elements-16 wp-block-paragraph">72 mm x 67,5 mm</p>



<p class="has-base-color has-text-color has-link-color wp-elements-17 wp-block-paragraph"><strong>CV (Versión Limitada &#8211; Full)</strong></p>



<p class="has-base-color has-text-color has-link-color wp-elements-18 wp-block-paragraph">47,5 CV &#8211; 59, 16 cv</p>



<p class="has-base-color has-text-color has-link-color wp-elements-19 wp-block-paragraph"><strong>Potencia Máxima (Versión Limitada &#8211; Full)</strong></p>



<p class="has-base-color has-text-color has-link-color wp-elements-20 wp-block-paragraph">35 kW / 8500 rpm &#8211; 43,5 kW / 8500 rpm</p>



<p class="has-base-color has-text-color has-link-color wp-elements-21 wp-block-paragraph"><strong>PAR Máximo (NM / RPM)</strong></p>



<p class="has-base-color has-text-color has-link-color wp-elements-22 wp-block-paragraph">55Nm / 6500 rpm</p>



<p class="has-base-color has-text-color has-link-color wp-elements-23 wp-block-paragraph"><strong>Normativa Euro</strong></p>



<p class="has-base-color has-text-color has-link-color wp-elements-24 wp-block-paragraph">Euro 5+</p>



<p class="has-base-color has-text-color has-link-color wp-elements-25 wp-block-paragraph"><strong>Transmisión Primaria / Nº Marchas</strong></p>



<p class="has-base-color has-text-color has-link-color wp-elements-26 wp-block-paragraph">Engranajes / 6 marchas</p>



<p class="has-base-color has-text-color has-link-color wp-elements-27 wp-block-paragraph"><strong>Transmisión Secundaria</strong></p>



<p class="has-base-color has-text-color has-link-color wp-elements-28 wp-block-paragraph">Cadena</p>



<p class="has-base-color has-text-color has-link-color wp-elements-29 wp-block-paragraph"><strong>Embrague</strong></p>



<p class="has-base-color has-text-color has-link-color wp-elements-30 wp-block-paragraph">Manual de discos húmedos</p>
</div>



<div class="tab-Ngae5b tab-body-item" data-id="tab-Ngae5b">
<p class="has-text-align-right has-base-color has-text-color has-link-color wp-elements-31 wp-block-paragraph"><strong>Chasis</strong></p>



<p class="has-text-align-right has-base-color has-text-color has-link-color wp-elements-32 wp-block-paragraph">Multitubular de acero</p>



<p class="has-text-align-right has-base-color has-text-color has-link-color wp-elements-33 wp-block-paragraph"><strong>Suspensión Delantera</strong></p>



<p class="has-text-align-right has-base-color has-text-color has-link-color wp-elements-34 wp-block-paragraph">Horquilla invertida ajustable  en compresión y extensión con barras de 41 mm y 130 mm de recorrido</p>



<p class="has-text-align-right has-base-color has-text-color has-link-color wp-elements-35 wp-block-paragraph"><strong>Suspensión Trasera</strong></p>



<p class="has-text-align-right has-base-color has-text-color has-link-color wp-elements-36 wp-block-paragraph">Monoamortiguador central ajustable en precarga de muelle y extensión hidráulico</p>



<p class="has-text-align-right has-base-color has-text-color has-link-color wp-elements-37 wp-block-paragraph"><strong>Freno Delantero</strong></p>



<p class="has-text-align-right has-base-color has-text-color has-link-color wp-elements-38 wp-block-paragraph">Doble disco de 305 mm con pinzas de 2 pistones con ABS</p>



<p class="has-text-align-right has-base-color has-text-color has-link-color wp-elements-39 wp-block-paragraph"><strong>Freno Trasero</strong></p>



<p class="has-text-align-right has-base-color has-text-color has-link-color wp-elements-40 wp-block-paragraph">Disco de 258 mm con pinza de 1 pistón con ABS</p>



<p class="has-text-align-right has-base-color has-text-color has-link-color wp-elements-41 wp-block-paragraph"><strong>Rueda Delantera</strong></p>



<p class="has-text-align-right has-base-color has-text-color has-link-color wp-elements-42 wp-block-paragraph">110/80R19</p>



<p class="has-text-align-right has-base-color has-text-color has-link-color wp-elements-43 wp-block-paragraph"><strong>Rueda Trasera</strong></p>



<p class="has-text-align-right has-base-color has-text-color has-link-color wp-elements-44 wp-block-paragraph">150/70R17</p>



<p class="has-text-align-right has-base-color has-text-color has-link-color wp-elements-45 wp-block-paragraph"><strong>Distancia entre ejes</strong></p>



<p class="has-text-align-right has-base-color has-text-color has-link-color wp-elements-46 wp-block-paragraph">1425 mm</p>



<p class="has-text-align-right has-base-color has-text-color has-link-color wp-elements-47 wp-block-paragraph"><strong>Altura de Asiento</strong></p>



<p class="has-text-align-right has-base-color has-text-color has-link-color wp-elements-48 wp-block-paragraph">820 mm</p>



<p class="has-text-align-right has-base-color has-text-color has-link-color wp-elements-49 wp-block-paragraph"><strong>Capacidad depósito combustible</strong></p>



<p class="has-text-align-right has-base-color has-text-color has-link-color wp-elements-50 wp-block-paragraph">18L</p>



<p class="has-text-align-right has-base-color has-text-color has-link-color wp-elements-51 wp-block-paragraph"><strong>Peso</strong></p>



<p class="has-text-align-right has-base-color has-text-color has-link-color wp-elements-52 wp-block-paragraph">219 Kg (sin maletas) 230 Kg (con maletas)</p>
</div>
</div></div>



<p class="wp-block-paragraph"></p>

<p>Domina el Terreno El Cyclone Trail RX600 es el trail de alta gama que exige respeto: motor potente, chasis robusto, suspensión de largo recorrido, electrónica avanzada y diseño agresivo. Perfecta para quienes buscan recorrer rutas exigentes con autonomía, control y presencia sobre cualquier superficie. PVPR: 5.290,00 € Iva incluido. Los gastos de matriculación y portes [&hellip;]</p>
