{"id":802,"date":"2025-10-14T09:35:24","date_gmt":"2025-10-14T09:35:24","guid":{"rendered":"https:\/\/motosandresmontoya.com\/?page_id=802"},"modified":"2025-11-10T11:23:33","modified_gmt":"2025-11-10T11:23:33","slug":"especificaciones-rx-6","status":"publish","type":"page","link":"https:\/\/motosandresmontoya.com\/?page_id=802","title":{"rendered":"RX 6"},"content":{"rendered":"\n<div class=\"wp-block-columns is-layout-flex wp-container-core-columns-is-layout-7387b849 wp-block-columns-is-layout-flex\">\n<div class=\"wp-block-column is-layout-flow wp-block-column-is-layout-flow\">\n<figure class=\"wp-block-gallery has-nested-images columns-default is-cropped wp-block-gallery-1 is-layout-flex wp-block-gallery-is-layout-flex\">\n<figure class=\"wp-block-image size-large\"><img loading=\"lazy\" decoding=\"async\" width=\"1024\" height=\"1024\" data-id=\"804\" src=\"https:\/\/motosandresmontoya.com\/wp-content\/uploads\/2025\/10\/ChatGPT-Image-14-oct-2025-10_43_38.png\" alt=\"\" class=\"wp-image-804\" srcset=\"https:\/\/motosandresmontoya.com\/wp-content\/uploads\/2025\/10\/ChatGPT-Image-14-oct-2025-10_43_38.png 1024w, https:\/\/motosandresmontoya.com\/wp-content\/uploads\/2025\/10\/ChatGPT-Image-14-oct-2025-10_43_38-300x300.png 300w, https:\/\/motosandresmontoya.com\/wp-content\/uploads\/2025\/10\/ChatGPT-Image-14-oct-2025-10_43_38-150x150.png 150w, https:\/\/motosandresmontoya.com\/wp-content\/uploads\/2025\/10\/ChatGPT-Image-14-oct-2025-10_43_38-768x768.png 768w\" sizes=\"auto, (max-width: 1024px) 100vw, 1024px\" \/><\/figure>\n<\/figure>\n<\/div>\n\n\n\n<div class=\"wp-block-column has-default-color has-text-color has-link-color wp-elements-1 is-layout-flow wp-block-column-is-layout-flow\">\n<h2 class=\"wp-block-heading has-text-align-center\">Aventura Maxima<\/h2>\n\n\n\n<hr class=\"wp-block-separator has-alpha-channel-opacity\"\/>\n\n\n\n<p class=\"wp-block-paragraph\">El <strong>Cyclone Trail RX6<\/strong> es la expresi\u00f3n m\u00e1s ambiciosa de la gama trail. Con prestaciones potentes, suspensi\u00f3n preparada para exigencias, dise\u00f1o robusto y tecnolog\u00eda de punta, est\u00e1 pensado para ti que buscas ir m\u00e1s all\u00e1 del asfalto y disfrutar cada terreno con seguridad y poder\u00edo.<\/p>\n\n\n\n<p class=\"wp-block-paragraph\"><strong>PVPR: <em>6.390,00 \u20ac<\/em><\/strong><\/p>\n\n\n\n<p class=\"wp-block-paragraph\">Iva incluido. Los gastos de matriculaci\u00f3n y portes hasta Baleares y Canaria no incluidos.<\/p>\n\n\n\n<div class=\"wp-block-buttons is-content-justification-center is-layout-flex wp-container-core-buttons-is-layout-3e41869c wp-block-buttons-is-layout-flex\">\n<div class=\"wp-block-button has-custom-width wp-block-button__width-50\"><a class=\"wp-block-button__link wp-element-button\" href=\"https:\/\/motosandresmontoya.com\/?page_id=803\">Fotos<\/a><\/div>\n<\/div>\n<\/div>\n<\/div>\n\n\n\n<hr class=\"wp-block-separator has-text-color has-default-color has-alpha-channel-opacity has-default-background-color has-background\"\/>\n\n\n\n<h2 class=\"wp-block-heading has-text-align-center has-default-color has-text-color has-link-color wp-elements-2\">Especificaciones<\/h2>\n\n\n\n<div class=\"guten-element guten-tabs guten-i3rpjK horizontal-center\"><div class=\"tab-heading\"><div class=\"tab-heading-item active\" id=\"tab-qrUu0d\" data-id=\"tab-qrUu0d\"><span>Motor<\/span><\/div><div class=\"tab-heading-item\" id=\"tab-Ni6pxZ\" data-id=\"tab-Ni6pxZ\"><span>Parte Ciclo<\/span><\/div><\/div><div class=\"tab-heading-mobile\"><div class=\"tab-title\"><span>Motor<\/span><i class=\"tab-dropdown-icon fas\"><\/i><\/div><div class=\"tab-option\"><div data-id=\"tab-qrUu0d\" class=\"tab-option-item active\"><span>Motor<\/span><\/div><div data-id=\"tab-Ni6pxZ\" class=\"tab-option-item\"><span>Parte Ciclo<\/span><\/div><\/div><\/div><div class=\"tab-body\">\n<div class=\"tab-qrUu0d tab-body-item\" data-id=\"tab-qrUu0d\">\n<p class=\"has-base-color has-text-color has-link-color wp-elements-3 wp-block-paragraph\"><strong>Tipo \/ Cilindrada<\/strong><\/p>\n\n\n\n<p class=\"has-base-color has-text-color has-link-color wp-elements-4 wp-block-paragraph\">4T \/ 650 cc<\/p>\n\n\n\n<p class=\"has-base-color has-text-color has-link-color wp-elements-5 wp-block-paragraph\"><strong>Distribuci\u00f3n<\/strong><\/p>\n\n\n\n<p class=\"has-base-color has-text-color has-link-color wp-elements-6 wp-block-paragraph\">Cadena \/ DOHC<\/p>\n\n\n\n<p class=\"has-base-color has-text-color has-link-color wp-elements-7 wp-block-paragraph\"><strong>N\u00ba Cilindros<\/strong><\/p>\n\n\n\n<p class=\"has-base-color has-text-color has-link-color wp-elements-8 wp-block-paragraph\">2<\/p>\n\n\n\n<p class=\"has-base-color has-text-color has-link-color wp-elements-9 wp-block-paragraph\"><strong>N\u00ba de V\u00e1lvulas<\/strong><\/p>\n\n\n\n<p class=\"has-base-color has-text-color has-link-color wp-elements-10 wp-block-paragraph\">8<\/p>\n\n\n\n<p class=\"has-base-color has-text-color has-link-color wp-elements-11 wp-block-paragraph\"><strong>Alimentaci\u00f3n<\/strong><\/p>\n\n\n\n<p class=\"has-base-color has-text-color has-link-color wp-elements-12 wp-block-paragraph\">Inyecci\u00f3n electr\u00f3nica<\/p>\n\n\n\n<p class=\"has-base-color has-text-color has-link-color wp-elements-13 wp-block-paragraph\"><strong>Refrigeraci\u00f3n<\/strong><\/p>\n\n\n\n<p class=\"has-base-color has-text-color has-link-color wp-elements-14 wp-block-paragraph\">L\u00edquida<\/p>\n\n\n\n<p class=\"has-base-color has-text-color has-link-color wp-elements-15 wp-block-paragraph\"><strong>Di\u00e1metro x Carrera<\/strong><\/p>\n\n\n\n<p class=\"has-base-color has-text-color has-link-color wp-elements-16 wp-block-paragraph\">82 mm x 61,5 mm<\/p>\n\n\n\n<p class=\"has-base-color has-text-color has-link-color wp-elements-17 wp-block-paragraph\"><strong>CV<\/strong><\/p>\n\n\n\n<p class=\"has-base-color has-text-color has-link-color wp-elements-18 wp-block-paragraph\">70,2<\/p>\n\n\n\n<p class=\"has-base-color has-text-color has-link-color wp-elements-19 wp-block-paragraph\"><strong>Potencia M\u00e1xima (KW\/RPM)<\/strong><\/p>\n\n\n\n<p class=\"has-base-color has-text-color has-link-color wp-elements-20 wp-block-paragraph\">52 Kw \/ 8500 rpm<\/p>\n\n\n\n<p class=\"has-base-color has-text-color has-link-color wp-elements-21 wp-block-paragraph\"><strong>PAR M\u00e1ximo (NM\/RPM)<\/strong><\/p>\n\n\n\n<p class=\"has-base-color has-text-color has-link-color wp-elements-22 wp-block-paragraph\">62 Nm \/ 7000 rpm<\/p>\n\n\n\n<p class=\"has-base-color has-text-color has-link-color wp-elements-23 wp-block-paragraph\"><strong>Normativa Euro<\/strong><\/p>\n\n\n\n<p class=\"has-base-color has-text-color has-link-color wp-elements-24 wp-block-paragraph\">Euro 5+<\/p>\n\n\n\n<p class=\"has-base-color has-text-color has-link-color wp-elements-25 wp-block-paragraph\"><strong>Transmisi\u00f3n Primaria \/ N\u00ba Marchas<\/strong><\/p>\n\n\n\n<p class=\"has-base-color has-text-color has-link-color wp-elements-26 wp-block-paragraph\">Engranajes \/ 6 marchas<\/p>\n\n\n\n<p class=\"has-base-color has-text-color has-link-color wp-elements-27 wp-block-paragraph\"><strong>Transmisi\u00f3n Secundaria<\/strong><\/p>\n\n\n\n<p class=\"has-base-color has-text-color has-link-color wp-elements-28 wp-block-paragraph\">Cadena<\/p>\n\n\n\n<p class=\"has-base-color has-text-color has-link-color wp-elements-29 wp-block-paragraph\"><strong>Embrague<\/strong><\/p>\n\n\n\n<p class=\"has-base-color has-text-color has-link-color wp-elements-30 wp-block-paragraph\">Manual de discos h\u00famedos<\/p>\n<\/div>\n\n\n\n<div class=\"tab-Ni6pxZ tab-body-item\" data-id=\"tab-Ni6pxZ\">\n<p class=\"has-text-align-right has-base-color has-text-color has-link-color wp-elements-31 wp-block-paragraph\"><strong>Chasis<\/strong><\/p>\n\n\n\n<p class=\"has-text-align-right has-base-color has-text-color has-link-color wp-elements-32 wp-block-paragraph\">Multitubular de acero<\/p>\n\n\n\n<p class=\"has-text-align-right has-base-color has-text-color has-link-color wp-elements-33 wp-block-paragraph\"><strong>Suspensi\u00f3n Delantera<\/strong><\/p>\n\n\n\n<p class=\"has-text-align-right has-base-color has-text-color has-link-color wp-elements-34 wp-block-paragraph\">Horquilla telesc\u00f3pica invertida ajustable, con barras de 41 mm de di\u00e1metro y 130 mm de recorrido<\/p>\n\n\n\n<p class=\"has-text-align-right has-base-color has-text-color has-link-color wp-elements-35 wp-block-paragraph\"><strong>Suspensi\u00f3n Trasera<\/strong><\/p>\n\n\n\n<p class=\"has-text-align-right has-base-color has-text-color has-link-color wp-elements-36 wp-block-paragraph\">Monoamortiguador regulable en precarga de muelle y extensi\u00f3n hidr\u00e1ulica<\/p>\n\n\n\n<p class=\"has-text-align-right has-base-color has-text-color has-link-color wp-elements-37 wp-block-paragraph\"><strong>Freno Delantero<\/strong><\/p>\n\n\n\n<p class=\"has-text-align-right has-base-color has-text-color has-link-color wp-elements-38 wp-block-paragraph\">Doble disco de 320 mm de di\u00e1metro con sistema ABS<\/p>\n\n\n\n<p class=\"has-text-align-right has-base-color has-text-color has-link-color wp-elements-39 wp-block-paragraph\"><strong>Freno Trasero<\/strong><\/p>\n\n\n\n<p class=\"has-text-align-right has-base-color has-text-color has-link-color wp-elements-40 wp-block-paragraph\">Disco de 260 mm de di\u00e1metro con sistema ABS<\/p>\n\n\n\n<p class=\"has-text-align-right has-base-color has-text-color has-link-color wp-elements-41 wp-block-paragraph\"><strong>Rueda Delantera<\/strong><\/p>\n\n\n\n<p class=\"has-text-align-right has-base-color has-text-color has-link-color wp-elements-42 wp-block-paragraph\">120\/70R17<\/p>\n\n\n\n<p class=\"has-text-align-right has-base-color has-text-color has-link-color wp-elements-43 wp-block-paragraph\"><strong>Rueda Trasera<\/strong><\/p>\n\n\n\n<p class=\"has-text-align-right has-base-color has-text-color has-link-color wp-elements-44 wp-block-paragraph\">160\/60R17<\/p>\n\n\n\n<p class=\"has-text-align-right has-base-color has-text-color has-link-color wp-elements-45 wp-block-paragraph\"><strong>Distancia entre ejes<\/strong><\/p>\n\n\n\n<p class=\"has-text-align-right has-base-color has-text-color has-link-color wp-elements-46 wp-block-paragraph\">1450 mm<\/p>\n\n\n\n<p class=\"has-text-align-right has-base-color has-text-color has-link-color wp-elements-47 wp-block-paragraph\"><strong>Altura de Asiento<\/strong><\/p>\n\n\n\n<p class=\"has-text-align-right has-base-color has-text-color has-link-color wp-elements-48 wp-block-paragraph\">820 mm<\/p>\n\n\n\n<p class=\"has-text-align-right has-base-color has-text-color has-link-color wp-elements-49 wp-block-paragraph\"><strong>Capacidad Dep\u00f3sito Combustible<\/strong><\/p>\n\n\n\n<p class=\"has-text-align-right has-base-color has-text-color has-link-color wp-elements-50 wp-block-paragraph\">20 L<\/p>\n\n\n\n<p class=\"has-text-align-right has-base-color has-text-color has-link-color wp-elements-51 wp-block-paragraph\"><strong>Peso<\/strong><\/p>\n\n\n\n<p class=\"has-text-align-right has-base-color has-text-color has-link-color wp-elements-52 wp-block-paragraph\">244 Kg<\/p>\n<\/div>\n<\/div><\/div>\n","protected":false},"excerpt":{"rendered":"<p>Aventura Maxima El Cyclone Trail RX6 es la expresi\u00f3n m\u00e1s ambiciosa de la gama trail. Con prestaciones potentes, suspensi\u00f3n preparada para exigencias, dise\u00f1o robusto y tecnolog\u00eda de punta, est\u00e1 pensado para ti que buscas ir m\u00e1s all\u00e1 del asfalto y disfrutar cada terreno con seguridad y poder\u00edo. PVPR: 6.390,00 \u20ac Iva incluido. Los gastos de [&hellip;]<\/p>\n","protected":false},"author":1,"featured_media":0,"parent":0,"menu_order":0,"comment_status":"closed","ping_status":"closed","template":"","meta":{"footnotes":""},"class_list":["post-802","page","type-page","status-publish","hentry"],"_links":{"self":[{"href":"https:\/\/motosandresmontoya.com\/index.php?rest_route=\/wp\/v2\/pages\/802","targetHints":{"allow":["GET"]}}],"collection":[{"href":"https:\/\/motosandresmontoya.com\/index.php?rest_route=\/wp\/v2\/pages"}],"about":[{"href":"https:\/\/motosandresmontoya.com\/index.php?rest_route=\/wp\/v2\/types\/page"}],"author":[{"embeddable":true,"href":"https:\/\/motosandresmontoya.com\/index.php?rest_route=\/wp\/v2\/users\/1"}],"replies":[{"embeddable":true,"href":"https:\/\/motosandresmontoya.com\/index.php?rest_route=%2Fwp%2Fv2%2Fcomments&post=802"}],"version-history":[{"count":6,"href":"https:\/\/motosandresmontoya.com\/index.php?rest_route=\/wp\/v2\/pages\/802\/revisions"}],"predecessor-version":[{"id":2328,"href":"https:\/\/motosandresmontoya.com\/index.php?rest_route=\/wp\/v2\/pages\/802\/revisions\/2328"}],"wp:attachment":[{"href":"https:\/\/motosandresmontoya.com\/index.php?rest_route=%2Fwp%2Fv2%2Fmedia&parent=802"}],"curies":[{"name":"wp","href":"https:\/\/api.w.org\/{rel}","templated":true}]}}

<div class="wp-block-columns is-layout-flex wp-container-core-columns-is-layout-7387b849 wp-block-columns-is-layout-flex">
<div class="wp-block-column is-layout-flow wp-block-column-is-layout-flow">
<figure class="wp-block-gallery has-nested-images columns-default is-cropped wp-block-gallery-1 is-layout-flex wp-block-gallery-is-layout-flex">
<figure class="wp-block-image size-large"><img loading="lazy" decoding="async" width="1024" height="1024" data-id="804" src="https://motosandresmontoya.com/wp-content/uploads/2025/10/ChatGPT-Image-14-oct-2025-10_43_38.png" alt="" class="wp-image-804" srcset="https://motosandresmontoya.com/wp-content/uploads/2025/10/ChatGPT-Image-14-oct-2025-10_43_38.png 1024w, https://motosandresmontoya.com/wp-content/uploads/2025/10/ChatGPT-Image-14-oct-2025-10_43_38-300x300.png 300w, https://motosandresmontoya.com/wp-content/uploads/2025/10/ChatGPT-Image-14-oct-2025-10_43_38-150x150.png 150w, https://motosandresmontoya.com/wp-content/uploads/2025/10/ChatGPT-Image-14-oct-2025-10_43_38-768x768.png 768w" sizes="auto, (max-width: 1024px) 100vw, 1024px" /></figure>
</figure>
</div>



<div class="wp-block-column has-default-color has-text-color has-link-color wp-elements-1 is-layout-flow wp-block-column-is-layout-flow">
<h2 class="wp-block-heading has-text-align-center">Aventura Maxima</h2>



<hr class="wp-block-separator has-alpha-channel-opacity"/>



<p class="wp-block-paragraph">El <strong>Cyclone Trail RX6</strong> es la expresión más ambiciosa de la gama trail. Con prestaciones potentes, suspensión preparada para exigencias, diseño robusto y tecnología de punta, está pensado para ti que buscas ir más allá del asfalto y disfrutar cada terreno con seguridad y poderío.</p>



<p class="wp-block-paragraph"><strong>PVPR: <em>6.390,00 €</em></strong></p>



<p class="wp-block-paragraph">Iva incluido. Los gastos de matriculación y portes hasta Baleares y Canaria no incluidos.</p>



<div class="wp-block-buttons is-content-justification-center is-layout-flex wp-container-core-buttons-is-layout-3e41869c wp-block-buttons-is-layout-flex">
<div class="wp-block-button has-custom-width wp-block-button__width-50"><a class="wp-block-button__link wp-element-button" href="https://motosandresmontoya.com/?page_id=803">Fotos</a></div>
</div>
</div>
</div>



<hr class="wp-block-separator has-text-color has-default-color has-alpha-channel-opacity has-default-background-color has-background"/>



<h2 class="wp-block-heading has-text-align-center has-default-color has-text-color has-link-color wp-elements-2">Especificaciones</h2>



<div class="guten-element guten-tabs guten-i3rpjK horizontal-center"><div class="tab-heading"><div class="tab-heading-item active" id="tab-qrUu0d" data-id="tab-qrUu0d"><span>Motor</span></div><div class="tab-heading-item" id="tab-Ni6pxZ" data-id="tab-Ni6pxZ"><span>Parte Ciclo</span></div></div><div class="tab-heading-mobile"><div class="tab-title"><span>Motor</span><i class="tab-dropdown-icon fas"></i></div><div class="tab-option"><div data-id="tab-qrUu0d" class="tab-option-item active"><span>Motor</span></div><div data-id="tab-Ni6pxZ" class="tab-option-item"><span>Parte Ciclo</span></div></div></div><div class="tab-body">
<div class="tab-qrUu0d tab-body-item" data-id="tab-qrUu0d">
<p class="has-base-color has-text-color has-link-color wp-elements-3 wp-block-paragraph"><strong>Tipo / Cilindrada</strong></p>



<p class="has-base-color has-text-color has-link-color wp-elements-4 wp-block-paragraph">4T / 650 cc</p>



<p class="has-base-color has-text-color has-link-color wp-elements-5 wp-block-paragraph"><strong>Distribución</strong></p>



<p class="has-base-color has-text-color has-link-color wp-elements-6 wp-block-paragraph">Cadena / DOHC</p>



<p class="has-base-color has-text-color has-link-color wp-elements-7 wp-block-paragraph"><strong>Nº Cilindros</strong></p>



<p class="has-base-color has-text-color has-link-color wp-elements-8 wp-block-paragraph">2</p>



<p class="has-base-color has-text-color has-link-color wp-elements-9 wp-block-paragraph"><strong>Nº de Válvulas</strong></p>



<p class="has-base-color has-text-color has-link-color wp-elements-10 wp-block-paragraph">8</p>



<p class="has-base-color has-text-color has-link-color wp-elements-11 wp-block-paragraph"><strong>Alimentación</strong></p>



<p class="has-base-color has-text-color has-link-color wp-elements-12 wp-block-paragraph">Inyección electrónica</p>



<p class="has-base-color has-text-color has-link-color wp-elements-13 wp-block-paragraph"><strong>Refrigeración</strong></p>



<p class="has-base-color has-text-color has-link-color wp-elements-14 wp-block-paragraph">Líquida</p>



<p class="has-base-color has-text-color has-link-color wp-elements-15 wp-block-paragraph"><strong>Diámetro x Carrera</strong></p>



<p class="has-base-color has-text-color has-link-color wp-elements-16 wp-block-paragraph">82 mm x 61,5 mm</p>



<p class="has-base-color has-text-color has-link-color wp-elements-17 wp-block-paragraph"><strong>CV</strong></p>



<p class="has-base-color has-text-color has-link-color wp-elements-18 wp-block-paragraph">70,2</p>



<p class="has-base-color has-text-color has-link-color wp-elements-19 wp-block-paragraph"><strong>Potencia Máxima (KW/RPM)</strong></p>



<p class="has-base-color has-text-color has-link-color wp-elements-20 wp-block-paragraph">52 Kw / 8500 rpm</p>



<p class="has-base-color has-text-color has-link-color wp-elements-21 wp-block-paragraph"><strong>PAR Máximo (NM/RPM)</strong></p>



<p class="has-base-color has-text-color has-link-color wp-elements-22 wp-block-paragraph">62 Nm / 7000 rpm</p>



<p class="has-base-color has-text-color has-link-color wp-elements-23 wp-block-paragraph"><strong>Normativa Euro</strong></p>



<p class="has-base-color has-text-color has-link-color wp-elements-24 wp-block-paragraph">Euro 5+</p>



<p class="has-base-color has-text-color has-link-color wp-elements-25 wp-block-paragraph"><strong>Transmisión Primaria / Nº Marchas</strong></p>



<p class="has-base-color has-text-color has-link-color wp-elements-26 wp-block-paragraph">Engranajes / 6 marchas</p>



<p class="has-base-color has-text-color has-link-color wp-elements-27 wp-block-paragraph"><strong>Transmisión Secundaria</strong></p>



<p class="has-base-color has-text-color has-link-color wp-elements-28 wp-block-paragraph">Cadena</p>



<p class="has-base-color has-text-color has-link-color wp-elements-29 wp-block-paragraph"><strong>Embrague</strong></p>



<p class="has-base-color has-text-color has-link-color wp-elements-30 wp-block-paragraph">Manual de discos húmedos</p>
</div>



<div class="tab-Ni6pxZ tab-body-item" data-id="tab-Ni6pxZ">
<p class="has-text-align-right has-base-color has-text-color has-link-color wp-elements-31 wp-block-paragraph"><strong>Chasis</strong></p>



<p class="has-text-align-right has-base-color has-text-color has-link-color wp-elements-32 wp-block-paragraph">Multitubular de acero</p>



<p class="has-text-align-right has-base-color has-text-color has-link-color wp-elements-33 wp-block-paragraph"><strong>Suspensión Delantera</strong></p>



<p class="has-text-align-right has-base-color has-text-color has-link-color wp-elements-34 wp-block-paragraph">Horquilla telescópica invertida ajustable, con barras de 41 mm de diámetro y 130 mm de recorrido</p>



<p class="has-text-align-right has-base-color has-text-color has-link-color wp-elements-35 wp-block-paragraph"><strong>Suspensión Trasera</strong></p>



<p class="has-text-align-right has-base-color has-text-color has-link-color wp-elements-36 wp-block-paragraph">Monoamortiguador regulable en precarga de muelle y extensión hidráulica</p>



<p class="has-text-align-right has-base-color has-text-color has-link-color wp-elements-37 wp-block-paragraph"><strong>Freno Delantero</strong></p>



<p class="has-text-align-right has-base-color has-text-color has-link-color wp-elements-38 wp-block-paragraph">Doble disco de 320 mm de diámetro con sistema ABS</p>



<p class="has-text-align-right has-base-color has-text-color has-link-color wp-elements-39 wp-block-paragraph"><strong>Freno Trasero</strong></p>



<p class="has-text-align-right has-base-color has-text-color has-link-color wp-elements-40 wp-block-paragraph">Disco de 260 mm de diámetro con sistema ABS</p>



<p class="has-text-align-right has-base-color has-text-color has-link-color wp-elements-41 wp-block-paragraph"><strong>Rueda Delantera</strong></p>



<p class="has-text-align-right has-base-color has-text-color has-link-color wp-elements-42 wp-block-paragraph">120/70R17</p>



<p class="has-text-align-right has-base-color has-text-color has-link-color wp-elements-43 wp-block-paragraph"><strong>Rueda Trasera</strong></p>



<p class="has-text-align-right has-base-color has-text-color has-link-color wp-elements-44 wp-block-paragraph">160/60R17</p>



<p class="has-text-align-right has-base-color has-text-color has-link-color wp-elements-45 wp-block-paragraph"><strong>Distancia entre ejes</strong></p>



<p class="has-text-align-right has-base-color has-text-color has-link-color wp-elements-46 wp-block-paragraph">1450 mm</p>



<p class="has-text-align-right has-base-color has-text-color has-link-color wp-elements-47 wp-block-paragraph"><strong>Altura de Asiento</strong></p>



<p class="has-text-align-right has-base-color has-text-color has-link-color wp-elements-48 wp-block-paragraph">820 mm</p>



<p class="has-text-align-right has-base-color has-text-color has-link-color wp-elements-49 wp-block-paragraph"><strong>Capacidad Depósito Combustible</strong></p>



<p class="has-text-align-right has-base-color has-text-color has-link-color wp-elements-50 wp-block-paragraph">20 L</p>



<p class="has-text-align-right has-base-color has-text-color has-link-color wp-elements-51 wp-block-paragraph"><strong>Peso</strong></p>



<p class="has-text-align-right has-base-color has-text-color has-link-color wp-elements-52 wp-block-paragraph">244 Kg</p>
</div>
</div></div>

<p>Aventura Maxima El Cyclone Trail RX6 es la expresión más ambiciosa de la gama trail. Con prestaciones potentes, suspensión preparada para exigencias, diseño robusto y tecnología de punta, está pensado para ti que buscas ir más allá del asfalto y disfrutar cada terreno con seguridad y poderío. PVPR: 6.390,00 € Iva incluido. Los gastos de [&hellip;]</p>
