{"id":558,"date":"2025-10-09T08:37:07","date_gmt":"2025-10-09T08:37:07","guid":{"rendered":"https:\/\/motosandresmontoya.com\/?page_id=558"},"modified":"2025-11-10T10:55:01","modified_gmt":"2025-11-10T10:55:01","slug":"especificaciones-rt2","status":"publish","type":"page","link":"https:\/\/motosandresmontoya.com\/?page_id=558","title":{"rendered":"RT 2"},"content":{"rendered":"\n<div class=\"wp-block-columns is-layout-flex wp-container-core-columns-is-layout-7387b849 wp-block-columns-is-layout-flex\">\n<div class=\"wp-block-column is-layout-flow wp-block-column-is-layout-flow\">\n<figure class=\"wp-block-gallery has-nested-images columns-default is-cropped wp-block-gallery-1 is-layout-flex wp-block-gallery-is-layout-flex\">\n<figure class=\"wp-block-image size-large\"><img loading=\"lazy\" decoding=\"async\" width=\"973\" height=\"824\" data-id=\"545\" src=\"https:\/\/motosandresmontoya.com\/wp-content\/uploads\/2025\/10\/Captura-de-pantalla-2025-10-09-101957.png\" alt=\"\" class=\"wp-image-545\" srcset=\"https:\/\/motosandresmontoya.com\/wp-content\/uploads\/2025\/10\/Captura-de-pantalla-2025-10-09-101957.png 973w, https:\/\/motosandresmontoya.com\/wp-content\/uploads\/2025\/10\/Captura-de-pantalla-2025-10-09-101957-300x254.png 300w, https:\/\/motosandresmontoya.com\/wp-content\/uploads\/2025\/10\/Captura-de-pantalla-2025-10-09-101957-768x650.png 768w\" sizes=\"auto, (max-width: 973px) 100vw, 973px\" \/><\/figure>\n<\/figure>\n<\/div>\n\n\n\n<div class=\"wp-block-column has-default-color has-text-color has-link-color wp-elements-1 is-layout-flow wp-block-column-is-layout-flow\">\n<h2 class=\"wp-block-heading has-text-align-center\">Potencia en Ciudad<\/h2>\n\n\n\n<hr class=\"wp-block-separator has-alpha-channel-opacity\"\/>\n\n\n\n<p class=\"wp-block-paragraph\">El Cyclone RT2 eleva la experiencia urbana con su motor de 125 cc, dise\u00f1o agresivo y tecnolog\u00eda avanzada. Es la opci\u00f3n ideal para quien demanda estilo, rendimiento y seguridad en cada trayecto.<\/p>\n\n\n\n<p class=\"wp-block-paragraph\"><strong><strong>PVPR: 3.895,00 \u20ac<\/strong><\/strong><\/p>\n\n\n\n<p class=\"wp-block-paragraph\">Iva incluido. Los gastos de matriculaci\u00f3n y portes hasta Baleares y Canaria no incluidos.<\/p>\n\n\n\n<div class=\"wp-block-buttons is-content-justification-center is-layout-flex wp-container-core-buttons-is-layout-3e41869c wp-block-buttons-is-layout-flex\">\n<div class=\"wp-block-button has-custom-width wp-block-button__width-50\"><a class=\"wp-block-button__link wp-element-button\" href=\"https:\/\/motosandresmontoya.com\/?page_id=544\">Fotos<\/a><\/div>\n<\/div>\n<\/div>\n<\/div>\n\n\n\n<hr class=\"wp-block-separator has-text-color has-default-color has-alpha-channel-opacity has-default-background-color has-background\"\/>\n\n\n\n<h2 class=\"wp-block-heading has-text-align-center\">Especificaciones<\/h2>\n\n\n\n<div class=\"guten-element guten-tabs guten-9NWYLb horizontal-center\"><div class=\"tab-heading\"><div class=\"tab-heading-item active\" id=\"tab-MZT8JA\" data-id=\"tab-MZT8JA\"><span>Motor<\/span><\/div><div class=\"tab-heading-item\" id=\"tab-NSuhSH\" data-id=\"tab-NSuhSH\"><span>Parte Ciclo<\/span><\/div><\/div><div class=\"tab-heading-mobile\"><div class=\"tab-title\"><span>Motor<\/span><i class=\"tab-dropdown-icon fas\"><\/i><\/div><div class=\"tab-option\"><div data-id=\"tab-MZT8JA\" class=\"tab-option-item active\"><span>Motor<\/span><\/div><div data-id=\"tab-NSuhSH\" class=\"tab-option-item\"><span>Parte Ciclo<\/span><\/div><\/div><\/div><div class=\"tab-body\">\n<div class=\"tab-MZT8JA tab-body-item\" data-id=\"tab-MZT8JA\">\n<p class=\"has-secondary-color has-text-color has-link-color wp-elements-2 wp-block-paragraph\"><strong>Tipo \/ Cilindrada<\/strong><\/p>\n\n\n\n<p class=\"has-secondary-color has-text-color has-link-color wp-elements-3 wp-block-paragraph\">4T7 \/ 289 cc<\/p>\n\n\n\n<p class=\"has-secondary-color has-text-color has-link-color wp-elements-4 wp-block-paragraph\"><strong>Distribuci\u00f3n<\/strong><\/p>\n\n\n\n<p class=\"has-secondary-color has-text-color has-link-color wp-elements-5 wp-block-paragraph\">Cadena \/ DOHC<\/p>\n\n\n\n<p class=\"has-secondary-color has-text-color has-link-color wp-elements-6 wp-block-paragraph\"><strong>N\u00ba Cilindros<\/strong><\/p>\n\n\n\n<p class=\"has-secondary-color has-text-color has-link-color wp-elements-7 wp-block-paragraph\">1<\/p>\n\n\n\n<p class=\"has-secondary-color has-text-color has-link-color wp-elements-8 wp-block-paragraph\"><strong>N\u00ba de V\u00e1lvulas<\/strong><\/p>\n\n\n\n<p class=\"has-secondary-color has-text-color has-link-color wp-elements-9 wp-block-paragraph\">4<\/p>\n\n\n\n<p class=\"has-secondary-color has-text-color has-link-color wp-elements-10 wp-block-paragraph\"><strong>Alimentaci\u00f3n<\/strong><\/p>\n\n\n\n<p class=\"has-secondary-color has-text-color has-link-color wp-elements-11 wp-block-paragraph\">Inyecci\u00f3n electr\u00f3nica<\/p>\n\n\n\n<p class=\"has-secondary-color has-text-color has-link-color wp-elements-12 wp-block-paragraph\"><strong>Refrigeraci\u00f3n<\/strong><\/p>\n\n\n\n<p class=\"has-secondary-color has-text-color has-link-color wp-elements-13 wp-block-paragraph\">L\u00edquida<\/p>\n\n\n\n<p class=\"has-secondary-color has-text-color has-link-color wp-elements-14 wp-block-paragraph\"><strong>Di\u00e1metro x Carrera<\/strong><\/p>\n\n\n\n<p class=\"has-secondary-color has-text-color has-link-color wp-elements-15 wp-block-paragraph\">77 x 62 mm<\/p>\n\n\n\n<p class=\"has-secondary-color has-text-color has-link-color wp-elements-16 wp-block-paragraph\"><strong>CV<\/strong><\/p>\n\n\n\n<p class=\"has-secondary-color has-text-color has-link-color wp-elements-17 wp-block-paragraph\">24 CV<\/p>\n\n\n\n<p class=\"has-secondary-color has-text-color has-link-color wp-elements-18 wp-block-paragraph\"><strong>Potencia M\u00e1xima (KW\/RPM)<\/strong><\/p>\n\n\n\n<p class=\"has-secondary-color has-text-color has-link-color wp-elements-19 wp-block-paragraph\">17,6 KW \/ 7000 rpm<\/p>\n\n\n\n<p class=\"has-secondary-color has-text-color has-link-color wp-elements-20 wp-block-paragraph\"><strong>PAR M\u00e1ximo (NM \/ RPM)<\/strong><\/p>\n\n\n\n<p class=\"has-secondary-color has-text-color has-link-color wp-elements-21 wp-block-paragraph\">24,5 Nm \/ 6750 rpm<\/p>\n\n\n\n<p class=\"has-secondary-color has-text-color has-link-color wp-elements-22 wp-block-paragraph\"><strong>Normativa Euro<\/strong><\/p>\n\n\n\n<p class=\"has-secondary-color has-text-color has-link-color wp-elements-23 wp-block-paragraph\">Euro 5+<\/p>\n\n\n\n<p class=\"has-secondary-color has-text-color has-link-color wp-elements-24 wp-block-paragraph\"><strong>Transmisi\u00f3n Primaria \/ N\u00ba Marchas<\/strong><\/p>\n\n\n\n<p class=\"has-secondary-color has-text-color has-link-color wp-elements-25 wp-block-paragraph\">CVT Autom\u00e1tico<\/p>\n\n\n\n<p class=\"has-secondary-color has-text-color has-link-color wp-elements-26 wp-block-paragraph\"><strong>Transmisi\u00f3n Secundaria<\/strong><\/p>\n\n\n\n<p class=\"has-secondary-color has-text-color has-link-color wp-elements-27 wp-block-paragraph\">Engranajes<\/p>\n\n\n\n<p class=\"has-secondary-color has-text-color has-link-color wp-elements-28 wp-block-paragraph\"><strong>Embrague<\/strong><\/p>\n\n\n\n<p class=\"has-secondary-color has-text-color has-link-color wp-elements-29 wp-block-paragraph\">Correa con embrague centr\u00edfugo<\/p>\n<\/div>\n\n\n\n<div class=\"tab-NSuhSH tab-body-item\" data-id=\"tab-NSuhSH\">\n<p class=\"has-text-align-right has-base-color has-text-color has-link-color wp-elements-30 wp-block-paragraph\"><strong>Chasis<\/strong><\/p>\n\n\n\n<p class=\"has-text-align-right has-base-color has-text-color has-link-color wp-elements-31 wp-block-paragraph\">Doble cuna de acero<\/p>\n\n\n\n<p class=\"has-text-align-right has-base-color has-text-color has-link-color wp-elements-32 wp-block-paragraph\"><strong>Suspensi\u00f3n Delantera<\/strong><\/p>\n\n\n\n<p class=\"has-text-align-right has-base-color has-text-color has-link-color wp-elements-33 wp-block-paragraph\">Horquilla hidr\u00e1ulica con barras de 35 mm<\/p>\n\n\n\n<p class=\"has-text-align-right has-base-color has-text-color has-link-color wp-elements-34 wp-block-paragraph\"><strong>Suspensi\u00f3n Trasera<\/strong><\/p>\n\n\n\n<p class=\"has-text-align-right has-base-color has-text-color has-link-color wp-elements-35 wp-block-paragraph\">Amortiguador regulable en precarga con 90 mm de recorrido<\/p>\n\n\n\n<p class=\"has-text-align-right has-base-color has-text-color has-link-color wp-elements-36 wp-block-paragraph\"><strong>Freno Delantero<\/strong><\/p>\n\n\n\n<p class=\"has-text-align-right has-base-color has-text-color has-link-color wp-elements-37 wp-block-paragraph\">Disco de 270 mm con pinza de 2 pistones y ABS<\/p>\n\n\n\n<p class=\"has-text-align-right has-base-color has-text-color has-link-color wp-elements-38 wp-block-paragraph\"><strong>Freno Trasero<\/strong><\/p>\n\n\n\n<p class=\"has-text-align-right has-base-color has-text-color has-link-color wp-elements-39 wp-block-paragraph\">Disco de 220 mm con pinza de 2 pistones y ABS<\/p>\n\n\n\n<p class=\"has-text-align-right has-base-color has-text-color has-link-color wp-elements-40 wp-block-paragraph\"><strong>Rueda Delantera<\/strong><\/p>\n\n\n\n<p class=\"has-text-align-right has-base-color has-text-color has-link-color wp-elements-41 wp-block-paragraph\">110\/80 &#8211; 14<\/p>\n\n\n\n<p class=\"has-text-align-right has-base-color has-text-color has-link-color wp-elements-42 wp-block-paragraph\"><strong>Rueda Trasera<\/strong><\/p>\n\n\n\n<p class=\"has-text-align-right has-base-color has-text-color has-link-color wp-elements-43 wp-block-paragraph\">140\/60 &#8211; 13<\/p>\n\n\n\n<p class=\"has-text-align-right has-base-color has-text-color has-link-color wp-elements-44 wp-block-paragraph\"><strong>Distancia entre ejes<\/strong><\/p>\n\n\n\n<p class=\"has-text-align-right has-base-color has-text-color has-link-color wp-elements-45 wp-block-paragraph\">1400 mm<\/p>\n\n\n\n<p class=\"has-text-align-right has-base-color has-text-color has-link-color wp-elements-46 wp-block-paragraph\"><strong>Altura de Asiento<\/strong><\/p>\n\n\n\n<p class=\"has-text-align-right has-base-color has-text-color has-link-color wp-elements-47 wp-block-paragraph\">795 mm<\/p>\n\n\n\n<p class=\"has-text-align-right has-base-color has-text-color has-link-color wp-elements-48 wp-block-paragraph\"><strong>Capacidad Dep\u00f3sito Combustible<\/strong><\/p>\n\n\n\n<p class=\"has-text-align-right has-base-color has-text-color has-link-color wp-elements-49 wp-block-paragraph\">12 L<\/p>\n\n\n\n<p class=\"has-text-align-right has-base-color has-text-color has-link-color wp-elements-50 wp-block-paragraph\"><strong>Peso<\/strong><\/p>\n\n\n\n<p class=\"has-text-align-right has-base-color has-text-color has-link-color wp-elements-51 wp-block-paragraph\">183 kg<\/p>\n<\/div>\n<\/div><\/div>\n\n\n\n<p class=\"wp-block-paragraph\"><\/p>\n","protected":false},"excerpt":{"rendered":"<p>Potencia en Ciudad El Cyclone RT2 eleva la experiencia urbana con su motor de 125 cc, dise\u00f1o agresivo y tecnolog\u00eda avanzada. Es la opci\u00f3n ideal para quien demanda estilo, rendimiento y seguridad en cada trayecto. PVPR: 3.895,00 \u20ac Iva incluido. Los gastos de matriculaci\u00f3n y portes hasta Baleares y Canaria no incluidos. Especificaciones<\/p>\n","protected":false},"author":1,"featured_media":0,"parent":0,"menu_order":0,"comment_status":"closed","ping_status":"closed","template":"","meta":{"footnotes":""},"class_list":["post-558","page","type-page","status-publish","hentry"],"_links":{"self":[{"href":"https:\/\/motosandresmontoya.com\/index.php?rest_route=\/wp\/v2\/pages\/558","targetHints":{"allow":["GET"]}}],"collection":[{"href":"https:\/\/motosandresmontoya.com\/index.php?rest_route=\/wp\/v2\/pages"}],"about":[{"href":"https:\/\/motosandresmontoya.com\/index.php?rest_route=\/wp\/v2\/types\/page"}],"author":[{"embeddable":true,"href":"https:\/\/motosandresmontoya.com\/index.php?rest_route=\/wp\/v2\/users\/1"}],"replies":[{"embeddable":true,"href":"https:\/\/motosandresmontoya.com\/index.php?rest_route=%2Fwp%2Fv2%2Fcomments&post=558"}],"version-history":[{"count":12,"href":"https:\/\/motosandresmontoya.com\/index.php?rest_route=\/wp\/v2\/pages\/558\/revisions"}],"predecessor-version":[{"id":2281,"href":"https:\/\/motosandresmontoya.com\/index.php?rest_route=\/wp\/v2\/pages\/558\/revisions\/2281"}],"wp:attachment":[{"href":"https:\/\/motosandresmontoya.com\/index.php?rest_route=%2Fwp%2Fv2%2Fmedia&parent=558"}],"curies":[{"name":"wp","href":"https:\/\/api.w.org\/{rel}","templated":true}]}}

<div class="wp-block-columns is-layout-flex wp-container-core-columns-is-layout-7387b849 wp-block-columns-is-layout-flex">
<div class="wp-block-column is-layout-flow wp-block-column-is-layout-flow">
<figure class="wp-block-gallery has-nested-images columns-default is-cropped wp-block-gallery-1 is-layout-flex wp-block-gallery-is-layout-flex">
<figure class="wp-block-image size-large"><img loading="lazy" decoding="async" width="973" height="824" data-id="545" src="https://motosandresmontoya.com/wp-content/uploads/2025/10/Captura-de-pantalla-2025-10-09-101957.png" alt="" class="wp-image-545" srcset="https://motosandresmontoya.com/wp-content/uploads/2025/10/Captura-de-pantalla-2025-10-09-101957.png 973w, https://motosandresmontoya.com/wp-content/uploads/2025/10/Captura-de-pantalla-2025-10-09-101957-300x254.png 300w, https://motosandresmontoya.com/wp-content/uploads/2025/10/Captura-de-pantalla-2025-10-09-101957-768x650.png 768w" sizes="auto, (max-width: 973px) 100vw, 973px" /></figure>
</figure>
</div>



<div class="wp-block-column has-default-color has-text-color has-link-color wp-elements-1 is-layout-flow wp-block-column-is-layout-flow">
<h2 class="wp-block-heading has-text-align-center">Potencia en Ciudad</h2>



<hr class="wp-block-separator has-alpha-channel-opacity"/>



<p class="wp-block-paragraph">El Cyclone RT2 eleva la experiencia urbana con su motor de 125 cc, diseño agresivo y tecnología avanzada. Es la opción ideal para quien demanda estilo, rendimiento y seguridad en cada trayecto.</p>



<p class="wp-block-paragraph"><strong><strong>PVPR: 3.895,00 €</strong></strong></p>



<p class="wp-block-paragraph">Iva incluido. Los gastos de matriculación y portes hasta Baleares y Canaria no incluidos.</p>



<div class="wp-block-buttons is-content-justification-center is-layout-flex wp-container-core-buttons-is-layout-3e41869c wp-block-buttons-is-layout-flex">
<div class="wp-block-button has-custom-width wp-block-button__width-50"><a class="wp-block-button__link wp-element-button" href="https://motosandresmontoya.com/?page_id=544">Fotos</a></div>
</div>
</div>
</div>



<hr class="wp-block-separator has-text-color has-default-color has-alpha-channel-opacity has-default-background-color has-background"/>



<h2 class="wp-block-heading has-text-align-center">Especificaciones</h2>



<div class="guten-element guten-tabs guten-9NWYLb horizontal-center"><div class="tab-heading"><div class="tab-heading-item active" id="tab-MZT8JA" data-id="tab-MZT8JA"><span>Motor</span></div><div class="tab-heading-item" id="tab-NSuhSH" data-id="tab-NSuhSH"><span>Parte Ciclo</span></div></div><div class="tab-heading-mobile"><div class="tab-title"><span>Motor</span><i class="tab-dropdown-icon fas"></i></div><div class="tab-option"><div data-id="tab-MZT8JA" class="tab-option-item active"><span>Motor</span></div><div data-id="tab-NSuhSH" class="tab-option-item"><span>Parte Ciclo</span></div></div></div><div class="tab-body">
<div class="tab-MZT8JA tab-body-item" data-id="tab-MZT8JA">
<p class="has-secondary-color has-text-color has-link-color wp-elements-2 wp-block-paragraph"><strong>Tipo / Cilindrada</strong></p>



<p class="has-secondary-color has-text-color has-link-color wp-elements-3 wp-block-paragraph">4T7 / 289 cc</p>



<p class="has-secondary-color has-text-color has-link-color wp-elements-4 wp-block-paragraph"><strong>Distribución</strong></p>



<p class="has-secondary-color has-text-color has-link-color wp-elements-5 wp-block-paragraph">Cadena / DOHC</p>



<p class="has-secondary-color has-text-color has-link-color wp-elements-6 wp-block-paragraph"><strong>Nº Cilindros</strong></p>



<p class="has-secondary-color has-text-color has-link-color wp-elements-7 wp-block-paragraph">1</p>



<p class="has-secondary-color has-text-color has-link-color wp-elements-8 wp-block-paragraph"><strong>Nº de Válvulas</strong></p>



<p class="has-secondary-color has-text-color has-link-color wp-elements-9 wp-block-paragraph">4</p>



<p class="has-secondary-color has-text-color has-link-color wp-elements-10 wp-block-paragraph"><strong>Alimentación</strong></p>



<p class="has-secondary-color has-text-color has-link-color wp-elements-11 wp-block-paragraph">Inyección electrónica</p>



<p class="has-secondary-color has-text-color has-link-color wp-elements-12 wp-block-paragraph"><strong>Refrigeración</strong></p>



<p class="has-secondary-color has-text-color has-link-color wp-elements-13 wp-block-paragraph">Líquida</p>



<p class="has-secondary-color has-text-color has-link-color wp-elements-14 wp-block-paragraph"><strong>Diámetro x Carrera</strong></p>



<p class="has-secondary-color has-text-color has-link-color wp-elements-15 wp-block-paragraph">77 x 62 mm</p>



<p class="has-secondary-color has-text-color has-link-color wp-elements-16 wp-block-paragraph"><strong>CV</strong></p>



<p class="has-secondary-color has-text-color has-link-color wp-elements-17 wp-block-paragraph">24 CV</p>



<p class="has-secondary-color has-text-color has-link-color wp-elements-18 wp-block-paragraph"><strong>Potencia Máxima (KW/RPM)</strong></p>



<p class="has-secondary-color has-text-color has-link-color wp-elements-19 wp-block-paragraph">17,6 KW / 7000 rpm</p>



<p class="has-secondary-color has-text-color has-link-color wp-elements-20 wp-block-paragraph"><strong>PAR Máximo (NM / RPM)</strong></p>



<p class="has-secondary-color has-text-color has-link-color wp-elements-21 wp-block-paragraph">24,5 Nm / 6750 rpm</p>



<p class="has-secondary-color has-text-color has-link-color wp-elements-22 wp-block-paragraph"><strong>Normativa Euro</strong></p>



<p class="has-secondary-color has-text-color has-link-color wp-elements-23 wp-block-paragraph">Euro 5+</p>



<p class="has-secondary-color has-text-color has-link-color wp-elements-24 wp-block-paragraph"><strong>Transmisión Primaria / Nº Marchas</strong></p>



<p class="has-secondary-color has-text-color has-link-color wp-elements-25 wp-block-paragraph">CVT Automático</p>



<p class="has-secondary-color has-text-color has-link-color wp-elements-26 wp-block-paragraph"><strong>Transmisión Secundaria</strong></p>



<p class="has-secondary-color has-text-color has-link-color wp-elements-27 wp-block-paragraph">Engranajes</p>



<p class="has-secondary-color has-text-color has-link-color wp-elements-28 wp-block-paragraph"><strong>Embrague</strong></p>



<p class="has-secondary-color has-text-color has-link-color wp-elements-29 wp-block-paragraph">Correa con embrague centrífugo</p>
</div>



<div class="tab-NSuhSH tab-body-item" data-id="tab-NSuhSH">
<p class="has-text-align-right has-base-color has-text-color has-link-color wp-elements-30 wp-block-paragraph"><strong>Chasis</strong></p>



<p class="has-text-align-right has-base-color has-text-color has-link-color wp-elements-31 wp-block-paragraph">Doble cuna de acero</p>



<p class="has-text-align-right has-base-color has-text-color has-link-color wp-elements-32 wp-block-paragraph"><strong>Suspensión Delantera</strong></p>



<p class="has-text-align-right has-base-color has-text-color has-link-color wp-elements-33 wp-block-paragraph">Horquilla hidráulica con barras de 35 mm</p>



<p class="has-text-align-right has-base-color has-text-color has-link-color wp-elements-34 wp-block-paragraph"><strong>Suspensión Trasera</strong></p>



<p class="has-text-align-right has-base-color has-text-color has-link-color wp-elements-35 wp-block-paragraph">Amortiguador regulable en precarga con 90 mm de recorrido</p>



<p class="has-text-align-right has-base-color has-text-color has-link-color wp-elements-36 wp-block-paragraph"><strong>Freno Delantero</strong></p>



<p class="has-text-align-right has-base-color has-text-color has-link-color wp-elements-37 wp-block-paragraph">Disco de 270 mm con pinza de 2 pistones y ABS</p>



<p class="has-text-align-right has-base-color has-text-color has-link-color wp-elements-38 wp-block-paragraph"><strong>Freno Trasero</strong></p>



<p class="has-text-align-right has-base-color has-text-color has-link-color wp-elements-39 wp-block-paragraph">Disco de 220 mm con pinza de 2 pistones y ABS</p>



<p class="has-text-align-right has-base-color has-text-color has-link-color wp-elements-40 wp-block-paragraph"><strong>Rueda Delantera</strong></p>



<p class="has-text-align-right has-base-color has-text-color has-link-color wp-elements-41 wp-block-paragraph">110/80 &#8211; 14</p>



<p class="has-text-align-right has-base-color has-text-color has-link-color wp-elements-42 wp-block-paragraph"><strong>Rueda Trasera</strong></p>



<p class="has-text-align-right has-base-color has-text-color has-link-color wp-elements-43 wp-block-paragraph">140/60 &#8211; 13</p>



<p class="has-text-align-right has-base-color has-text-color has-link-color wp-elements-44 wp-block-paragraph"><strong>Distancia entre ejes</strong></p>



<p class="has-text-align-right has-base-color has-text-color has-link-color wp-elements-45 wp-block-paragraph">1400 mm</p>



<p class="has-text-align-right has-base-color has-text-color has-link-color wp-elements-46 wp-block-paragraph"><strong>Altura de Asiento</strong></p>



<p class="has-text-align-right has-base-color has-text-color has-link-color wp-elements-47 wp-block-paragraph">795 mm</p>



<p class="has-text-align-right has-base-color has-text-color has-link-color wp-elements-48 wp-block-paragraph"><strong>Capacidad Depósito Combustible</strong></p>



<p class="has-text-align-right has-base-color has-text-color has-link-color wp-elements-49 wp-block-paragraph">12 L</p>



<p class="has-text-align-right has-base-color has-text-color has-link-color wp-elements-50 wp-block-paragraph"><strong>Peso</strong></p>



<p class="has-text-align-right has-base-color has-text-color has-link-color wp-elements-51 wp-block-paragraph">183 kg</p>
</div>
</div></div>



<p class="wp-block-paragraph"></p>

<p>Potencia en Ciudad El Cyclone RT2 eleva la experiencia urbana con su motor de 125 cc, diseño agresivo y tecnología avanzada. Es la opción ideal para quien demanda estilo, rendimiento y seguridad en cada trayecto. PVPR: 3.895,00 € Iva incluido. Los gastos de matriculación y portes hasta Baleares y Canaria no incluidos. Especificaciones</p>
