{"id":2441,"date":"2026-05-26T15:14:06","date_gmt":"2026-05-26T15:14:06","guid":{"rendered":"https:\/\/motosandresmontoya.com\/?page_id=2441"},"modified":"2026-05-27T10:50:36","modified_gmt":"2026-05-27T10:50:36","slug":"rx-2","status":"publish","type":"page","link":"https:\/\/motosandresmontoya.com\/?page_id=2441","title":{"rendered":"RX2"},"content":{"rendered":"\n<div class=\"wp-block-columns is-layout-flex wp-container-core-columns-is-layout-7387b849 wp-block-columns-is-layout-flex\">\n<div class=\"wp-block-column is-layout-flow wp-block-column-is-layout-flow\">\n<figure class=\"wp-block-gallery has-nested-images columns-default is-cropped wp-block-gallery-1 is-layout-flex wp-block-gallery-is-layout-flex\">\n<figure class=\"wp-block-image size-large\"><img loading=\"lazy\" decoding=\"async\" width=\"1024\" height=\"772\" data-id=\"2451\" src=\"https:\/\/motosandresmontoya.com\/wp-content\/uploads\/2026\/05\/RX2-2-1024x772.png\" alt=\"\" class=\"wp-image-2451\" srcset=\"https:\/\/motosandresmontoya.com\/wp-content\/uploads\/2026\/05\/RX2-2-1024x772.png 1024w, https:\/\/motosandresmontoya.com\/wp-content\/uploads\/2026\/05\/RX2-2-300x226.png 300w, https:\/\/motosandresmontoya.com\/wp-content\/uploads\/2026\/05\/RX2-2-768x579.png 768w, https:\/\/motosandresmontoya.com\/wp-content\/uploads\/2026\/05\/RX2-2.png 1123w\" sizes=\"auto, (max-width: 1024px) 100vw, 1024px\" \/><\/figure>\n<\/figure>\n<\/div>\n\n\n\n<div class=\"wp-block-column has-default-color has-text-color has-link-color wp-elements-1 is-layout-flow wp-block-column-is-layout-flow\">\n<h2 class=\"wp-block-heading has-text-align-center has-default-color has-text-color has-link-color wp-elements-2\">Esp\u00edritu Rebelde<\/h2>\n\n\n\n<hr class=\"wp-block-separator has-alpha-channel-opacity\"\/>\n\n\n\n<p class=\"has-default-color has-text-color has-link-color wp-elements-3 wp-block-paragraph\">Descubre sin l\u00edmites la nueva&nbsp;<strong>RX2<\/strong>, una trail dise\u00f1ada para quienes buscan aventura, emoci\u00f3n y libertad sobre dos ruedas.Impulsada por un motor de&nbsp;<strong>125 cc<\/strong>&nbsp;con&nbsp;<strong>refrigeraci\u00f3n l\u00edquida<\/strong>&nbsp;y&nbsp;<strong>15 CV<\/strong>, la RX2 ofrece una respuesta \u00e1gil y constante, ideal para explorar m\u00e1s all\u00e1 del asfalto con total seguridad.<\/p>\n\n\n\n<p class=\"has-default-color has-text-color has-link-color wp-elements-4 wp-block-paragraph\"><strong>PVPR: 3.495,00\u20ac<\/strong><\/p>\n\n\n\n<p class=\"has-default-color has-text-color has-link-color wp-elements-5 wp-block-paragraph\">Iva incluido. Los gastos de matriculaci\u00f3n y portes hasta Baleares y Canaria no incluidos.<\/p>\n\n\n\n<div class=\"wp-block-buttons is-content-justification-center is-layout-flex wp-container-core-buttons-is-layout-3e41869c wp-block-buttons-is-layout-flex\">\n<div class=\"wp-block-button has-custom-width wp-block-button__width-50\"><a class=\"wp-block-button__link wp-element-button\" href=\"https:\/\/motosandresmontoya.com\/?page_id=2414\">Fotos<\/a><\/div>\n<\/div>\n<\/div>\n<\/div>\n\n\n\n<hr class=\"wp-block-separator has-text-color has-default-color has-alpha-channel-opacity has-default-background-color has-background\"\/>\n\n\n\n<h2 class=\"wp-block-heading has-text-align-center has-default-color has-text-color has-link-color wp-elements-6\">Especificaciones<\/h2>\n\n\n\n<div class=\"guten-element guten-tabs guten-hK3V4Z horizontal-center\"><div class=\"tab-heading\"><div class=\"tab-heading-item active\" id=\"tab-sx8RXz\" data-id=\"tab-sx8RXz\"><span>Motor<\/span><\/div><div class=\"tab-heading-item\" id=\"tab-gkMnaT\" data-id=\"tab-gkMnaT\"><span>Parte ciclo<\/span><\/div><div class=\"tab-heading-item\" id=\"tab-ZM0Mep\" data-id=\"tab-ZM0Mep\"><span>Otros<\/span><\/div><\/div><div class=\"tab-heading-mobile\"><div class=\"tab-title\"><span>Motor<\/span><i class=\"tab-dropdown-icon fas\"><\/i><\/div><div class=\"tab-option\"><div data-id=\"tab-sx8RXz\" class=\"tab-option-item active\"><span>Motor<\/span><\/div><div data-id=\"tab-gkMnaT\" class=\"tab-option-item\"><span>Parte ciclo<\/span><\/div><div data-id=\"tab-ZM0Mep\" class=\"tab-option-item\"><span>Otros<\/span><\/div><\/div><\/div><div class=\"tab-body\">\n<div class=\"tab-sx8RXz tab-body-item\" data-id=\"tab-sx8RXz\">\n<p class=\"has-base-color has-text-color has-link-color wp-elements-7 wp-block-paragraph\"><strong>Tipo \/ Cilindrada<\/strong><br>4T \/ 125 cc<\/p>\n\n\n\n<p class=\"has-base-color has-text-color has-link-color wp-elements-8 wp-block-paragraph\"><strong>Distribuci\u00f3n<\/strong><br>Cadena \/ DOHC<\/p>\n\n\n\n<p class=\"has-base-color has-text-color has-link-color wp-elements-9 wp-block-paragraph\"><strong>N\u00ba Cilindros<\/strong><br>1<\/p>\n\n\n\n<p class=\"has-base-color has-text-color has-link-color wp-elements-10 wp-block-paragraph\"><strong>N\u00ba de V\u00e1lvulas<\/strong><br>4<\/p>\n\n\n\n<p class=\"has-base-color has-text-color has-link-color wp-elements-11 wp-block-paragraph\"><strong>Alimentaci\u00f3n<\/strong><br>Inyecci\u00f3n electr\u00f3nica<\/p>\n\n\n\n<p class=\"has-base-color has-text-color has-link-color wp-elements-12 wp-block-paragraph\"><strong>Refrigeraci\u00f3n<\/strong><br>L\u00edquida<\/p>\n\n\n\n<p class=\"has-base-color has-text-color has-link-color wp-elements-13 wp-block-paragraph\"><strong>Di\u00e1metro x carrera<\/strong><br>58 x 47 mm<\/p>\n\n\n\n<p class=\"has-base-color has-text-color has-link-color wp-elements-14 wp-block-paragraph\"><strong>Potencia m\u00e1xima (CV\/rpm)<\/strong><br>15 CV \/ 9500 rpm<\/p>\n\n\n\n<p class=\"has-base-color has-text-color has-link-color wp-elements-15 wp-block-paragraph\"><strong>Par m\u00e1ximo (Nm \/ rpm)<\/strong><br>11 Nm \/ 7500 rpm<\/p>\n\n\n\n<p class=\"wp-block-paragraph\"><strong>Normativa Euro<\/strong><br>Euro 5+<\/p>\n\n\n\n<p class=\"wp-block-paragraph\"><strong>Transmisi\u00f3n primaria \/ N\u00ba marchas<\/strong><br>Engranajes \/ 6 marchas<\/p>\n\n\n\n<p class=\"wp-block-paragraph\"><strong>Transmisi\u00f3n secundaria<\/strong><br>Cadena<\/p>\n\n\n\n<p class=\"wp-block-paragraph\"><strong>Embrague<\/strong><br>Manual de discos h\u00famedos<\/p>\n<\/div>\n\n\n\n<div class=\"tab-gkMnaT tab-body-item\" data-id=\"tab-gkMnaT\">\n<p class=\"has-text-align-center has-base-color has-text-color has-link-color wp-elements-16 wp-block-paragraph\"><strong>Chasis<\/strong><br>Tubos de acero<\/p>\n\n\n\n<p class=\"has-text-align-center has-base-color has-text-color has-link-color wp-elements-17 wp-block-paragraph\"><strong>Suspensi\u00f3n delantera<\/strong><br>Horquilla invertida con barras de 38 mm<\/p>\n\n\n\n<p class=\"has-text-align-center has-base-color has-text-color has-link-color wp-elements-18 wp-block-paragraph\"><strong>Suspensi\u00f3n trasera<\/strong><br>Monoamortiguador regulable en compresi\u00f3n<\/p>\n\n\n\n<p class=\"has-text-align-center has-base-color has-text-color has-link-color wp-elements-19 wp-block-paragraph\"><strong>Freno delantero<\/strong><br>Pinza de 2 pistones con disco de 260 mm y ABS Doble Canal<\/p>\n\n\n\n<p class=\"has-text-align-center has-base-color has-text-color has-link-color wp-elements-20 wp-block-paragraph\"><strong>Freno trasero<br><\/strong>Pinza de 1 pist\u00f3n con disco de 240 mm y ABS Doble Canal<\/p>\n\n\n\n<p class=\"has-text-align-center has-base-color has-text-color has-link-color wp-elements-21 wp-block-paragraph\"><strong>Rueda delantera<\/strong><br>Llanta aluminio con neum\u00e1tico 100\/90-19<\/p>\n\n\n\n<p class=\"has-text-align-center has-base-color has-text-color has-link-color wp-elements-22 wp-block-paragraph\"><strong>Rueda trasera<\/strong><br>Llanta aluminio con neum\u00e1tico 130\/70-17<\/p>\n\n\n\n<p class=\"has-text-align-center has-base-color has-text-color has-link-color wp-elements-23 wp-block-paragraph\"><strong>Distancia entre ejes<\/strong><br>1400 mm<\/p>\n\n\n\n<p class=\"has-text-align-center has-base-color has-text-color has-link-color wp-elements-24 wp-block-paragraph\"><strong>Altura de asiento<\/strong><br>820 mm<\/p>\n\n\n\n<p class=\"has-text-align-center has-base-color has-text-color has-link-color wp-elements-25 wp-block-paragraph\"><strong>Capacidad dep\u00f3sito combustible<\/strong><br>15 L<\/p>\n\n\n\n<p class=\"has-text-align-center has-base-color has-text-color has-link-color wp-elements-26 wp-block-paragraph\"><strong>Peso<\/strong><br>150 kg + 15 kg maletas y herrajes<\/p>\n<\/div>\n\n\n\n<div class=\"tab-ZM0Mep tab-body-item\" data-id=\"tab-ZM0Mep\">\n<p class=\"has-text-align-right has-base-color has-text-color has-link-color wp-elements-27 wp-block-paragraph\"><strong>Equipamiento DE SERIE<\/strong><br>Motor Refrigeraci\u00f3n Liquida de 15cv | TCS (Control de Tracci\u00f3n) | ABS | Suspensiones Largo Recorrido | Pantalla Alta | Protector Motor y Horquillas | Neum\u00e1ticos Offroad Tubeless | Iluminaci\u00f3n Full LED | Defensas | Pantalla TFT 5\u2033 + Mirror Link | Maletas Laterales | Guardamanos | Maleta Trasera | Guardabarros Delantero Bajo<\/p>\n\n\n\n<p class=\"has-text-align-right has-base-color has-text-color has-link-color wp-elements-28 wp-block-paragraph\"><strong>Mantenimiento<\/strong><br>1\u00aa revisi\u00f3n 1000 km ; siguientes cada 3000 km o 1 a\u00f1o.<\/p>\n<\/div>\n<\/div><\/div>\n\n\n\n<p class=\"wp-block-paragraph\"><\/p>\n","protected":false},"excerpt":{"rendered":"<p>Esp\u00edritu Rebelde Descubre sin l\u00edmites la nueva&nbsp;RX2, una trail dise\u00f1ada para quienes buscan aventura, emoci\u00f3n y libertad sobre dos ruedas.Impulsada por un motor de&nbsp;125 cc&nbsp;con&nbsp;refrigeraci\u00f3n l\u00edquida&nbsp;y&nbsp;15 CV, la RX2 ofrece una respuesta \u00e1gil y constante, ideal para explorar m\u00e1s all\u00e1 del asfalto con total seguridad. PVPR: 3.495,00\u20ac Iva incluido. Los gastos de matriculaci\u00f3n y portes [&hellip;]<\/p>\n","protected":false},"author":1,"featured_media":0,"parent":0,"menu_order":0,"comment_status":"closed","ping_status":"closed","template":"","meta":{"footnotes":""},"class_list":["post-2441","page","type-page","status-publish","hentry"],"_links":{"self":[{"href":"https:\/\/motosandresmontoya.com\/index.php?rest_route=\/wp\/v2\/pages\/2441","targetHints":{"allow":["GET"]}}],"collection":[{"href":"https:\/\/motosandresmontoya.com\/index.php?rest_route=\/wp\/v2\/pages"}],"about":[{"href":"https:\/\/motosandresmontoya.com\/index.php?rest_route=\/wp\/v2\/types\/page"}],"author":[{"embeddable":true,"href":"https:\/\/motosandresmontoya.com\/index.php?rest_route=\/wp\/v2\/users\/1"}],"replies":[{"embeddable":true,"href":"https:\/\/motosandresmontoya.com\/index.php?rest_route=%2Fwp%2Fv2%2Fcomments&post=2441"}],"version-history":[{"count":12,"href":"https:\/\/motosandresmontoya.com\/index.php?rest_route=\/wp\/v2\/pages\/2441\/revisions"}],"predecessor-version":[{"id":2537,"href":"https:\/\/motosandresmontoya.com\/index.php?rest_route=\/wp\/v2\/pages\/2441\/revisions\/2537"}],"wp:attachment":[{"href":"https:\/\/motosandresmontoya.com\/index.php?rest_route=%2Fwp%2Fv2%2Fmedia&parent=2441"}],"curies":[{"name":"wp","href":"https:\/\/api.w.org\/{rel}","templated":true}]}}

<div class="wp-block-columns is-layout-flex wp-container-core-columns-is-layout-7387b849 wp-block-columns-is-layout-flex">
<div class="wp-block-column is-layout-flow wp-block-column-is-layout-flow">
<figure class="wp-block-gallery has-nested-images columns-default is-cropped wp-block-gallery-1 is-layout-flex wp-block-gallery-is-layout-flex">
<figure class="wp-block-image size-large"><img loading="lazy" decoding="async" width="1024" height="772" data-id="2451" src="https://motosandresmontoya.com/wp-content/uploads/2026/05/RX2-2-1024x772.png" alt="" class="wp-image-2451" srcset="https://motosandresmontoya.com/wp-content/uploads/2026/05/RX2-2-1024x772.png 1024w, https://motosandresmontoya.com/wp-content/uploads/2026/05/RX2-2-300x226.png 300w, https://motosandresmontoya.com/wp-content/uploads/2026/05/RX2-2-768x579.png 768w, https://motosandresmontoya.com/wp-content/uploads/2026/05/RX2-2.png 1123w" sizes="auto, (max-width: 1024px) 100vw, 1024px" /></figure>
</figure>
</div>



<div class="wp-block-column has-default-color has-text-color has-link-color wp-elements-1 is-layout-flow wp-block-column-is-layout-flow">
<h2 class="wp-block-heading has-text-align-center has-default-color has-text-color has-link-color wp-elements-2">Espíritu Rebelde</h2>



<hr class="wp-block-separator has-alpha-channel-opacity"/>



<p class="has-default-color has-text-color has-link-color wp-elements-3 wp-block-paragraph">Descubre sin límites la nueva&nbsp;<strong>RX2</strong>, una trail diseñada para quienes buscan aventura, emoción y libertad sobre dos ruedas.Impulsada por un motor de&nbsp;<strong>125 cc</strong>&nbsp;con&nbsp;<strong>refrigeración líquida</strong>&nbsp;y&nbsp;<strong>15 CV</strong>, la RX2 ofrece una respuesta ágil y constante, ideal para explorar más allá del asfalto con total seguridad.</p>



<p class="has-default-color has-text-color has-link-color wp-elements-4 wp-block-paragraph"><strong>PVPR: 3.495,00€</strong></p>



<p class="has-default-color has-text-color has-link-color wp-elements-5 wp-block-paragraph">Iva incluido. Los gastos de matriculación y portes hasta Baleares y Canaria no incluidos.</p>



<div class="wp-block-buttons is-content-justification-center is-layout-flex wp-container-core-buttons-is-layout-3e41869c wp-block-buttons-is-layout-flex">
<div class="wp-block-button has-custom-width wp-block-button__width-50"><a class="wp-block-button__link wp-element-button" href="https://motosandresmontoya.com/?page_id=2414">Fotos</a></div>
</div>
</div>
</div>



<hr class="wp-block-separator has-text-color has-default-color has-alpha-channel-opacity has-default-background-color has-background"/>



<h2 class="wp-block-heading has-text-align-center has-default-color has-text-color has-link-color wp-elements-6">Especificaciones</h2>



<div class="guten-element guten-tabs guten-hK3V4Z horizontal-center"><div class="tab-heading"><div class="tab-heading-item active" id="tab-sx8RXz" data-id="tab-sx8RXz"><span>Motor</span></div><div class="tab-heading-item" id="tab-gkMnaT" data-id="tab-gkMnaT"><span>Parte ciclo</span></div><div class="tab-heading-item" id="tab-ZM0Mep" data-id="tab-ZM0Mep"><span>Otros</span></div></div><div class="tab-heading-mobile"><div class="tab-title"><span>Motor</span><i class="tab-dropdown-icon fas"></i></div><div class="tab-option"><div data-id="tab-sx8RXz" class="tab-option-item active"><span>Motor</span></div><div data-id="tab-gkMnaT" class="tab-option-item"><span>Parte ciclo</span></div><div data-id="tab-ZM0Mep" class="tab-option-item"><span>Otros</span></div></div></div><div class="tab-body">
<div class="tab-sx8RXz tab-body-item" data-id="tab-sx8RXz">
<p class="has-base-color has-text-color has-link-color wp-elements-7 wp-block-paragraph"><strong>Tipo / Cilindrada</strong><br>4T / 125 cc</p>



<p class="has-base-color has-text-color has-link-color wp-elements-8 wp-block-paragraph"><strong>Distribución</strong><br>Cadena / DOHC</p>



<p class="has-base-color has-text-color has-link-color wp-elements-9 wp-block-paragraph"><strong>Nº Cilindros</strong><br>1</p>



<p class="has-base-color has-text-color has-link-color wp-elements-10 wp-block-paragraph"><strong>Nº de Válvulas</strong><br>4</p>



<p class="has-base-color has-text-color has-link-color wp-elements-11 wp-block-paragraph"><strong>Alimentación</strong><br>Inyección electrónica</p>



<p class="has-base-color has-text-color has-link-color wp-elements-12 wp-block-paragraph"><strong>Refrigeración</strong><br>Líquida</p>



<p class="has-base-color has-text-color has-link-color wp-elements-13 wp-block-paragraph"><strong>Diámetro x carrera</strong><br>58 x 47 mm</p>



<p class="has-base-color has-text-color has-link-color wp-elements-14 wp-block-paragraph"><strong>Potencia máxima (CV/rpm)</strong><br>15 CV / 9500 rpm</p>



<p class="has-base-color has-text-color has-link-color wp-elements-15 wp-block-paragraph"><strong>Par máximo (Nm / rpm)</strong><br>11 Nm / 7500 rpm</p>



<p class="wp-block-paragraph"><strong>Normativa Euro</strong><br>Euro 5+</p>



<p class="wp-block-paragraph"><strong>Transmisión primaria / Nº marchas</strong><br>Engranajes / 6 marchas</p>



<p class="wp-block-paragraph"><strong>Transmisión secundaria</strong><br>Cadena</p>



<p class="wp-block-paragraph"><strong>Embrague</strong><br>Manual de discos húmedos</p>
</div>



<div class="tab-gkMnaT tab-body-item" data-id="tab-gkMnaT">
<p class="has-text-align-center has-base-color has-text-color has-link-color wp-elements-16 wp-block-paragraph"><strong>Chasis</strong><br>Tubos de acero</p>



<p class="has-text-align-center has-base-color has-text-color has-link-color wp-elements-17 wp-block-paragraph"><strong>Suspensión delantera</strong><br>Horquilla invertida con barras de 38 mm</p>



<p class="has-text-align-center has-base-color has-text-color has-link-color wp-elements-18 wp-block-paragraph"><strong>Suspensión trasera</strong><br>Monoamortiguador regulable en compresión</p>



<p class="has-text-align-center has-base-color has-text-color has-link-color wp-elements-19 wp-block-paragraph"><strong>Freno delantero</strong><br>Pinza de 2 pistones con disco de 260 mm y ABS Doble Canal</p>



<p class="has-text-align-center has-base-color has-text-color has-link-color wp-elements-20 wp-block-paragraph"><strong>Freno trasero<br></strong>Pinza de 1 pistón con disco de 240 mm y ABS Doble Canal</p>



<p class="has-text-align-center has-base-color has-text-color has-link-color wp-elements-21 wp-block-paragraph"><strong>Rueda delantera</strong><br>Llanta aluminio con neumático 100/90-19</p>



<p class="has-text-align-center has-base-color has-text-color has-link-color wp-elements-22 wp-block-paragraph"><strong>Rueda trasera</strong><br>Llanta aluminio con neumático 130/70-17</p>



<p class="has-text-align-center has-base-color has-text-color has-link-color wp-elements-23 wp-block-paragraph"><strong>Distancia entre ejes</strong><br>1400 mm</p>



<p class="has-text-align-center has-base-color has-text-color has-link-color wp-elements-24 wp-block-paragraph"><strong>Altura de asiento</strong><br>820 mm</p>



<p class="has-text-align-center has-base-color has-text-color has-link-color wp-elements-25 wp-block-paragraph"><strong>Capacidad depósito combustible</strong><br>15 L</p>



<p class="has-text-align-center has-base-color has-text-color has-link-color wp-elements-26 wp-block-paragraph"><strong>Peso</strong><br>150 kg + 15 kg maletas y herrajes</p>
</div>



<div class="tab-ZM0Mep tab-body-item" data-id="tab-ZM0Mep">
<p class="has-text-align-right has-base-color has-text-color has-link-color wp-elements-27 wp-block-paragraph"><strong>Equipamiento DE SERIE</strong><br>Motor Refrigeración Liquida de 15cv | TCS (Control de Tracción) | ABS | Suspensiones Largo Recorrido | Pantalla Alta | Protector Motor y Horquillas | Neumáticos Offroad Tubeless | Iluminación Full LED | Defensas | Pantalla TFT 5″ + Mirror Link | Maletas Laterales | Guardamanos | Maleta Trasera | Guardabarros Delantero Bajo</p>



<p class="has-text-align-right has-base-color has-text-color has-link-color wp-elements-28 wp-block-paragraph"><strong>Mantenimiento</strong><br>1ª revisión 1000 km ; siguientes cada 3000 km o 1 año.</p>
</div>
</div></div>



<p class="wp-block-paragraph"></p>

<p>Espíritu Rebelde Descubre sin límites la nueva&nbsp;RX2, una trail diseñada para quienes buscan aventura, emoción y libertad sobre dos ruedas.Impulsada por un motor de&nbsp;125 cc&nbsp;con&nbsp;refrigeración líquida&nbsp;y&nbsp;15 CV, la RX2 ofrece una respuesta ágil y constante, ideal para explorar más allá del asfalto con total seguridad. PVPR: 3.495,00€ Iva incluido. Los gastos de matriculación y portes [&hellip;]</p>
