{"id":2375,"date":"2026-05-26T09:29:29","date_gmt":"2026-05-26T09:29:29","guid":{"rendered":"https:\/\/motosandresmontoya.com\/?page_id=2375"},"modified":"2026-05-27T10:49:16","modified_gmt":"2026-05-27T10:49:16","slug":"ra-600-especificaciones","status":"publish","type":"page","link":"https:\/\/motosandresmontoya.com\/?page_id=2375","title":{"rendered":"RA 600"},"content":{"rendered":"\n<div class=\"wp-block-columns is-layout-flex wp-container-core-columns-is-layout-7387b849 wp-block-columns-is-layout-flex\">\n<div class=\"wp-block-column is-layout-flow wp-block-column-is-layout-flow\">\n<figure class=\"wp-block-gallery has-nested-images columns-default is-cropped wp-block-gallery-1 is-layout-flex wp-block-gallery-is-layout-flex\">\n<figure class=\"wp-block-image size-large\"><img loading=\"lazy\" decoding=\"async\" width=\"1024\" height=\"621\" data-id=\"2393\" src=\"https:\/\/motosandresmontoya.com\/wp-content\/uploads\/2026\/05\/RA600-moto-2-1024x621.png\" alt=\"\" class=\"wp-image-2393\" srcset=\"https:\/\/motosandresmontoya.com\/wp-content\/uploads\/2026\/05\/RA600-moto-2-1024x621.png 1024w, https:\/\/motosandresmontoya.com\/wp-content\/uploads\/2026\/05\/RA600-moto-2-300x182.png 300w, https:\/\/motosandresmontoya.com\/wp-content\/uploads\/2026\/05\/RA600-moto-2-768x466.png 768w, https:\/\/motosandresmontoya.com\/wp-content\/uploads\/2026\/05\/RA600-moto-2.png 1385w\" sizes=\"auto, (max-width: 1024px) 100vw, 1024px\" \/><\/figure>\n<\/figure>\n<\/div>\n\n\n\n<div class=\"wp-block-column has-default-color has-text-color has-link-color wp-elements-1 is-layout-flow wp-block-column-is-layout-flow\">\n<h2 class=\"wp-block-heading has-text-align-center has-default-color has-text-color has-link-color wp-elements-2\">Aventura en Marcha<\/h2>\n\n\n\n<hr class=\"wp-block-separator has-alpha-channel-opacity\"\/>\n\n\n\n<p class=\"has-default-color has-text-color has-link-color wp-elements-3 wp-block-paragraph\">La nueva&nbsp;<strong>RA600<\/strong>&nbsp;no solo te lleva, te define. Con una est\u00e9tica inconfundible y alma&nbsp;<strong>Custom<\/strong>, este modelo combina una presencia imponente con tecnolog\u00eda moderna para que cada recorrido sea una verdadera declaraci\u00f3n de car\u00e1cter.<\/p>\n\n\n\n<p class=\"has-default-color has-text-color has-link-color wp-elements-4 wp-block-paragraph\"><strong>PVPR: 6.290,00\u20ac<br><\/strong><\/p>\n\n\n\n<p class=\"has-default-color has-text-color has-link-color wp-elements-5 wp-block-paragraph\">Iva incluido. Los gastos de matriculaci\u00f3n y portes hasta Baleares y Canaria no incluidos.<\/p>\n\n\n\n<div class=\"wp-block-buttons is-content-justification-center is-layout-flex wp-container-core-buttons-is-layout-3e41869c wp-block-buttons-is-layout-flex\">\n<div class=\"wp-block-button has-custom-width wp-block-button__width-50\"><a class=\"wp-block-button__link wp-element-button\" href=\"https:\/\/motosandresmontoya.com\/?page_id=2373\">Fotos<\/a><\/div>\n<\/div>\n<\/div>\n<\/div>\n\n\n\n<hr class=\"wp-block-separator has-text-color has-default-color has-alpha-channel-opacity has-default-background-color has-background\"\/>\n\n\n\n<h2 class=\"wp-block-heading has-text-align-center has-default-color has-text-color has-link-color wp-elements-6\">Especificaciones<\/h2>\n\n\n\n<div class=\"guten-element guten-tabs guten-hK3V4Z horizontal-center\"><div class=\"tab-heading\"><div class=\"tab-heading-item active\" id=\"tab-sx8RXz\" data-id=\"tab-sx8RXz\"><span>Motor<\/span><\/div><div class=\"tab-heading-item\" id=\"tab-gkMnaT\" data-id=\"tab-gkMnaT\"><span>Parte ciclo<\/span><\/div><div class=\"tab-heading-item\" id=\"tab-ZM0Mep\" data-id=\"tab-ZM0Mep\"><span>Otros<\/span><\/div><\/div><div class=\"tab-heading-mobile\"><div class=\"tab-title\"><span>Motor<\/span><i class=\"tab-dropdown-icon fas\"><\/i><\/div><div class=\"tab-option\"><div data-id=\"tab-sx8RXz\" class=\"tab-option-item active\"><span>Motor<\/span><\/div><div data-id=\"tab-gkMnaT\" class=\"tab-option-item\"><span>Parte ciclo<\/span><\/div><div data-id=\"tab-ZM0Mep\" class=\"tab-option-item\"><span>Otros<\/span><\/div><\/div><\/div><div class=\"tab-body\">\n<div class=\"tab-sx8RXz tab-body-item\" data-id=\"tab-sx8RXz\">\n<p class=\"has-base-color has-text-color has-link-color wp-elements-7 wp-block-paragraph\"><strong>Tipo \/ Cilindrada<\/strong><br>4T \/ 550 cc<\/p>\n\n\n\n<p class=\"has-base-color has-text-color has-link-color wp-elements-8 wp-block-paragraph\"><strong>Distribuci\u00f3n<\/strong><br>Cadena \/ DOHC<\/p>\n\n\n\n<p class=\"has-base-color has-text-color has-link-color wp-elements-9 wp-block-paragraph\"><strong>N\u00ba Cilindros<\/strong><br>2<\/p>\n\n\n\n<p class=\"has-base-color has-text-color has-link-color wp-elements-10 wp-block-paragraph\"><strong>N\u00ba de V\u00e1lvulas<\/strong><br>8<\/p>\n\n\n\n<p class=\"has-base-color has-text-color has-link-color wp-elements-11 wp-block-paragraph\"><strong>Alimentaci\u00f3n<\/strong><br>Inyecci\u00f3n electr\u00f3nica<\/p>\n\n\n\n<p class=\"has-base-color has-text-color has-link-color wp-elements-12 wp-block-paragraph\"><strong>Refrigeraci\u00f3n<\/strong><br>L\u00edquida<\/p>\n\n\n\n<p class=\"has-base-color has-text-color has-link-color wp-elements-13 wp-block-paragraph\"><strong>Di\u00e1metro x carrera<\/strong><br>72 x 67,6 mm<\/p>\n\n\n\n<p class=\"has-base-color has-text-color has-link-color wp-elements-14 wp-block-paragraph\"><strong>CV (VERSI\u00d3N LIMITADA \u2013 FULL)<\/strong><br>47,5cv \u2013 59,16cv<\/p>\n\n\n\n<p class=\"has-base-color has-text-color has-link-color wp-elements-15 wp-block-paragraph\"><strong>Potencia m\u00e1xima (VERSI\u00d3N LIMITADA \u2013 FULL)<\/strong><br>35 kW \/ 8500 rpm \u2013 43,5 kW \/ 8500 rpm<\/p>\n\n\n\n<p class=\"has-base-color has-text-color has-link-color wp-elements-16 wp-block-paragraph\"><strong>Par m\u00e1ximo (Nm \/ rpm)<\/strong><br>55 Nm \/ 6500 rpm<\/p>\n\n\n\n<p class=\"wp-block-paragraph\"><strong>Normativa Euro<\/strong><br>Euro 5+<\/p>\n\n\n\n<p class=\"wp-block-paragraph\"><strong>Transmisi\u00f3n primaria \/ N\u00ba marchas<\/strong><br>Engranajes \/ 6 marchas<\/p>\n\n\n\n<p class=\"wp-block-paragraph\"><strong>Transmisi\u00f3n secundaria<\/strong><br>Correa<\/p>\n\n\n\n<p class=\"wp-block-paragraph\"><strong>Embrague<\/strong><br>Manual de discos h\u00famedos<\/p>\n<\/div>\n\n\n\n<div class=\"tab-gkMnaT tab-body-item\" data-id=\"tab-gkMnaT\">\n<p class=\"has-text-align-center has-base-color has-text-color has-link-color wp-elements-17 wp-block-paragraph\"><strong>Chasis<\/strong><br>Doble cuna de acero<\/p>\n\n\n\n<p class=\"has-text-align-center has-base-color has-text-color has-link-color wp-elements-18 wp-block-paragraph\"><strong>Suspensi\u00f3n delantera<\/strong><br>Horquilla convencional con barras de 41 mm<\/p>\n\n\n\n<p class=\"has-text-align-center has-base-color has-text-color has-link-color wp-elements-19 wp-block-paragraph\"><strong>Suspensi\u00f3n trasera<\/strong><br>Monoamortiguador central regulable en precarga y extensi\u00f3n<\/p>\n\n\n\n<p class=\"has-text-align-center has-base-color has-text-color has-link-color wp-elements-20 wp-block-paragraph\"><strong>Freno delantero<\/strong><br>Pinza JJuan 2 pistones con Disco de 320mm y ABS Doble Canal<\/p>\n\n\n\n<p class=\"has-text-align-center has-base-color has-text-color has-link-color wp-elements-21 wp-block-paragraph\"><strong>Freno trasero<br><\/strong>Pinza JJuan 1 pist\u00f3n con Disco de 260 mm y ABS Doble Canal<\/p>\n\n\n\n<p class=\"has-text-align-center has-base-color has-text-color has-link-color wp-elements-22 wp-block-paragraph\"><strong>Rueda delantera<\/strong><br>130\/90 \u2013 16<\/p>\n\n\n\n<p class=\"has-text-align-center has-base-color has-text-color has-link-color wp-elements-23 wp-block-paragraph\"><strong>Rueda trasera<\/strong><br>150\/80 \u2013 16<\/p>\n\n\n\n<p class=\"has-text-align-center has-base-color has-text-color has-link-color wp-elements-24 wp-block-paragraph\"><strong>Distancia entre ejes<\/strong><br>1510 mm<\/p>\n\n\n\n<p class=\"has-text-align-center has-base-color has-text-color has-link-color wp-elements-25 wp-block-paragraph\"><strong>Altura de asiento<\/strong><br>725 mm<\/p>\n\n\n\n<p class=\"has-text-align-center has-base-color has-text-color has-link-color wp-elements-26 wp-block-paragraph\"><strong>Capacidad dep\u00f3sito combustible<\/strong><br>14,5L<\/p>\n\n\n\n<p class=\"has-text-align-center has-base-color has-text-color has-link-color wp-elements-27 wp-block-paragraph\"><strong>Peso<\/strong><br>198 kg<\/p>\n<\/div>\n\n\n\n<div class=\"tab-ZM0Mep tab-body-item\" data-id=\"tab-ZM0Mep\">\n<p class=\"has-text-align-right has-base-color has-text-color has-link-color wp-elements-28 wp-block-paragraph\"><strong>Equipamiento DE SERIE<\/strong><br>Pantalla LCD a Color | TCS (Control de Tracci\u00f3n) | ABS Doble Canal | Full LED | Frenos JJUAN | Suspensiones Delanteras KAYABA | Llantas de Aleaci\u00f3n | Neum\u00e1ticos sin C\u00e1mara | Transmisi\u00f3n por Correa | Asiento 2 Plazas<\/p>\n\n\n\n<p class=\"has-text-align-right has-base-color has-text-color has-link-color wp-elements-29 wp-block-paragraph\"><strong>Mantenimiento<\/strong><br>1\u00aa revisi\u00f3n 1000 km; siguientes cada 5000 km o 1 a\u00f1o.<\/p>\n<\/div>\n<\/div><\/div>\n\n\n\n<p class=\"wp-block-paragraph\"><\/p>\n","protected":false},"excerpt":{"rendered":"<p>Aventura en Marcha La nueva&nbsp;RA600&nbsp;no solo te lleva, te define. Con una est\u00e9tica inconfundible y alma&nbsp;Custom, este modelo combina una presencia imponente con tecnolog\u00eda moderna para que cada recorrido sea una verdadera declaraci\u00f3n de car\u00e1cter. PVPR: 6.290,00\u20ac Iva incluido. Los gastos de matriculaci\u00f3n y portes hasta Baleares y Canaria no incluidos. Especificaciones<\/p>\n","protected":false},"author":1,"featured_media":0,"parent":0,"menu_order":0,"comment_status":"closed","ping_status":"closed","template":"","meta":{"footnotes":""},"class_list":["post-2375","page","type-page","status-publish","hentry"],"_links":{"self":[{"href":"https:\/\/motosandresmontoya.com\/index.php?rest_route=\/wp\/v2\/pages\/2375","targetHints":{"allow":["GET"]}}],"collection":[{"href":"https:\/\/motosandresmontoya.com\/index.php?rest_route=\/wp\/v2\/pages"}],"about":[{"href":"https:\/\/motosandresmontoya.com\/index.php?rest_route=\/wp\/v2\/types\/page"}],"author":[{"embeddable":true,"href":"https:\/\/motosandresmontoya.com\/index.php?rest_route=\/wp\/v2\/users\/1"}],"replies":[{"embeddable":true,"href":"https:\/\/motosandresmontoya.com\/index.php?rest_route=%2Fwp%2Fv2%2Fcomments&post=2375"}],"version-history":[{"count":9,"href":"https:\/\/motosandresmontoya.com\/index.php?rest_route=\/wp\/v2\/pages\/2375\/revisions"}],"predecessor-version":[{"id":2531,"href":"https:\/\/motosandresmontoya.com\/index.php?rest_route=\/wp\/v2\/pages\/2375\/revisions\/2531"}],"wp:attachment":[{"href":"https:\/\/motosandresmontoya.com\/index.php?rest_route=%2Fwp%2Fv2%2Fmedia&parent=2375"}],"curies":[{"name":"wp","href":"https:\/\/api.w.org\/{rel}","templated":true}]}}

<div class="wp-block-columns is-layout-flex wp-container-core-columns-is-layout-7387b849 wp-block-columns-is-layout-flex">
<div class="wp-block-column is-layout-flow wp-block-column-is-layout-flow">
<figure class="wp-block-gallery has-nested-images columns-default is-cropped wp-block-gallery-1 is-layout-flex wp-block-gallery-is-layout-flex">
<figure class="wp-block-image size-large"><img loading="lazy" decoding="async" width="1024" height="621" data-id="2393" src="https://motosandresmontoya.com/wp-content/uploads/2026/05/RA600-moto-2-1024x621.png" alt="" class="wp-image-2393" srcset="https://motosandresmontoya.com/wp-content/uploads/2026/05/RA600-moto-2-1024x621.png 1024w, https://motosandresmontoya.com/wp-content/uploads/2026/05/RA600-moto-2-300x182.png 300w, https://motosandresmontoya.com/wp-content/uploads/2026/05/RA600-moto-2-768x466.png 768w, https://motosandresmontoya.com/wp-content/uploads/2026/05/RA600-moto-2.png 1385w" sizes="auto, (max-width: 1024px) 100vw, 1024px" /></figure>
</figure>
</div>



<div class="wp-block-column has-default-color has-text-color has-link-color wp-elements-1 is-layout-flow wp-block-column-is-layout-flow">
<h2 class="wp-block-heading has-text-align-center has-default-color has-text-color has-link-color wp-elements-2">Aventura en Marcha</h2>



<hr class="wp-block-separator has-alpha-channel-opacity"/>



<p class="has-default-color has-text-color has-link-color wp-elements-3 wp-block-paragraph">La nueva&nbsp;<strong>RA600</strong>&nbsp;no solo te lleva, te define. Con una estética inconfundible y alma&nbsp;<strong>Custom</strong>, este modelo combina una presencia imponente con tecnología moderna para que cada recorrido sea una verdadera declaración de carácter.</p>



<p class="has-default-color has-text-color has-link-color wp-elements-4 wp-block-paragraph"><strong>PVPR: 6.290,00€<br></strong></p>



<p class="has-default-color has-text-color has-link-color wp-elements-5 wp-block-paragraph">Iva incluido. Los gastos de matriculación y portes hasta Baleares y Canaria no incluidos.</p>



<div class="wp-block-buttons is-content-justification-center is-layout-flex wp-container-core-buttons-is-layout-3e41869c wp-block-buttons-is-layout-flex">
<div class="wp-block-button has-custom-width wp-block-button__width-50"><a class="wp-block-button__link wp-element-button" href="https://motosandresmontoya.com/?page_id=2373">Fotos</a></div>
</div>
</div>
</div>



<hr class="wp-block-separator has-text-color has-default-color has-alpha-channel-opacity has-default-background-color has-background"/>



<h2 class="wp-block-heading has-text-align-center has-default-color has-text-color has-link-color wp-elements-6">Especificaciones</h2>



<div class="guten-element guten-tabs guten-hK3V4Z horizontal-center"><div class="tab-heading"><div class="tab-heading-item active" id="tab-sx8RXz" data-id="tab-sx8RXz"><span>Motor</span></div><div class="tab-heading-item" id="tab-gkMnaT" data-id="tab-gkMnaT"><span>Parte ciclo</span></div><div class="tab-heading-item" id="tab-ZM0Mep" data-id="tab-ZM0Mep"><span>Otros</span></div></div><div class="tab-heading-mobile"><div class="tab-title"><span>Motor</span><i class="tab-dropdown-icon fas"></i></div><div class="tab-option"><div data-id="tab-sx8RXz" class="tab-option-item active"><span>Motor</span></div><div data-id="tab-gkMnaT" class="tab-option-item"><span>Parte ciclo</span></div><div data-id="tab-ZM0Mep" class="tab-option-item"><span>Otros</span></div></div></div><div class="tab-body">
<div class="tab-sx8RXz tab-body-item" data-id="tab-sx8RXz">
<p class="has-base-color has-text-color has-link-color wp-elements-7 wp-block-paragraph"><strong>Tipo / Cilindrada</strong><br>4T / 550 cc</p>



<p class="has-base-color has-text-color has-link-color wp-elements-8 wp-block-paragraph"><strong>Distribución</strong><br>Cadena / DOHC</p>



<p class="has-base-color has-text-color has-link-color wp-elements-9 wp-block-paragraph"><strong>Nº Cilindros</strong><br>2</p>



<p class="has-base-color has-text-color has-link-color wp-elements-10 wp-block-paragraph"><strong>Nº de Válvulas</strong><br>8</p>



<p class="has-base-color has-text-color has-link-color wp-elements-11 wp-block-paragraph"><strong>Alimentación</strong><br>Inyección electrónica</p>



<p class="has-base-color has-text-color has-link-color wp-elements-12 wp-block-paragraph"><strong>Refrigeración</strong><br>Líquida</p>



<p class="has-base-color has-text-color has-link-color wp-elements-13 wp-block-paragraph"><strong>Diámetro x carrera</strong><br>72 x 67,6 mm</p>



<p class="has-base-color has-text-color has-link-color wp-elements-14 wp-block-paragraph"><strong>CV (VERSIÓN LIMITADA – FULL)</strong><br>47,5cv – 59,16cv</p>



<p class="has-base-color has-text-color has-link-color wp-elements-15 wp-block-paragraph"><strong>Potencia máxima (VERSIÓN LIMITADA – FULL)</strong><br>35 kW / 8500 rpm – 43,5 kW / 8500 rpm</p>



<p class="has-base-color has-text-color has-link-color wp-elements-16 wp-block-paragraph"><strong>Par máximo (Nm / rpm)</strong><br>55 Nm / 6500 rpm</p>



<p class="wp-block-paragraph"><strong>Normativa Euro</strong><br>Euro 5+</p>



<p class="wp-block-paragraph"><strong>Transmisión primaria / Nº marchas</strong><br>Engranajes / 6 marchas</p>



<p class="wp-block-paragraph"><strong>Transmisión secundaria</strong><br>Correa</p>



<p class="wp-block-paragraph"><strong>Embrague</strong><br>Manual de discos húmedos</p>
</div>



<div class="tab-gkMnaT tab-body-item" data-id="tab-gkMnaT">
<p class="has-text-align-center has-base-color has-text-color has-link-color wp-elements-17 wp-block-paragraph"><strong>Chasis</strong><br>Doble cuna de acero</p>



<p class="has-text-align-center has-base-color has-text-color has-link-color wp-elements-18 wp-block-paragraph"><strong>Suspensión delantera</strong><br>Horquilla convencional con barras de 41 mm</p>



<p class="has-text-align-center has-base-color has-text-color has-link-color wp-elements-19 wp-block-paragraph"><strong>Suspensión trasera</strong><br>Monoamortiguador central regulable en precarga y extensión</p>



<p class="has-text-align-center has-base-color has-text-color has-link-color wp-elements-20 wp-block-paragraph"><strong>Freno delantero</strong><br>Pinza JJuan 2 pistones con Disco de 320mm y ABS Doble Canal</p>



<p class="has-text-align-center has-base-color has-text-color has-link-color wp-elements-21 wp-block-paragraph"><strong>Freno trasero<br></strong>Pinza JJuan 1 pistón con Disco de 260 mm y ABS Doble Canal</p>



<p class="has-text-align-center has-base-color has-text-color has-link-color wp-elements-22 wp-block-paragraph"><strong>Rueda delantera</strong><br>130/90 – 16</p>



<p class="has-text-align-center has-base-color has-text-color has-link-color wp-elements-23 wp-block-paragraph"><strong>Rueda trasera</strong><br>150/80 – 16</p>



<p class="has-text-align-center has-base-color has-text-color has-link-color wp-elements-24 wp-block-paragraph"><strong>Distancia entre ejes</strong><br>1510 mm</p>



<p class="has-text-align-center has-base-color has-text-color has-link-color wp-elements-25 wp-block-paragraph"><strong>Altura de asiento</strong><br>725 mm</p>



<p class="has-text-align-center has-base-color has-text-color has-link-color wp-elements-26 wp-block-paragraph"><strong>Capacidad depósito combustible</strong><br>14,5L</p>



<p class="has-text-align-center has-base-color has-text-color has-link-color wp-elements-27 wp-block-paragraph"><strong>Peso</strong><br>198 kg</p>
</div>



<div class="tab-ZM0Mep tab-body-item" data-id="tab-ZM0Mep">
<p class="has-text-align-right has-base-color has-text-color has-link-color wp-elements-28 wp-block-paragraph"><strong>Equipamiento DE SERIE</strong><br>Pantalla LCD a Color | TCS (Control de Tracción) | ABS Doble Canal | Full LED | Frenos JJUAN | Suspensiones Delanteras KAYABA | Llantas de Aleación | Neumáticos sin Cámara | Transmisión por Correa | Asiento 2 Plazas</p>



<p class="has-text-align-right has-base-color has-text-color has-link-color wp-elements-29 wp-block-paragraph"><strong>Mantenimiento</strong><br>1ª revisión 1000 km; siguientes cada 5000 km o 1 año.</p>
</div>
</div></div>



<p class="wp-block-paragraph"></p>

<p>Aventura en Marcha La nueva&nbsp;RA600&nbsp;no solo te lleva, te define. Con una estética inconfundible y alma&nbsp;Custom, este modelo combina una presencia imponente con tecnología moderna para que cada recorrido sea una verdadera declaración de carácter. PVPR: 6.290,00€ Iva incluido. Los gastos de matriculación y portes hasta Baleares y Canaria no incluidos. Especificaciones</p>
