{"id":1245,"date":"2025-10-21T07:16:14","date_gmt":"2025-10-21T07:16:14","guid":{"rendered":"https:\/\/motosandresmontoya.com\/?page_id=1245"},"modified":"2025-11-10T11:04:47","modified_gmt":"2025-11-10T11:04:47","slug":"especificaciones-lh320-promax","status":"publish","type":"page","link":"https:\/\/motosandresmontoya.com\/?page_id=1245","title":{"rendered":"LH320 PROMAX"},"content":{"rendered":"\n<div class=\"wp-block-columns is-layout-flex wp-container-core-columns-is-layout-7387b849 wp-block-columns-is-layout-flex\">\n<div class=\"wp-block-column is-layout-flow wp-block-column-is-layout-flow\">\n<figure class=\"wp-block-gallery has-nested-images columns-default is-cropped wp-block-gallery-1 is-layout-flex wp-block-gallery-is-layout-flex\">\n<figure class=\"wp-block-image size-large\"><img loading=\"lazy\" decoding=\"async\" width=\"1024\" height=\"1024\" data-id=\"1248\" src=\"https:\/\/motosandresmontoya.com\/wp-content\/uploads\/2025\/10\/ChatGPT-Image-21-oct-2025-08_58_21.png\" alt=\"\" class=\"wp-image-1248\" srcset=\"https:\/\/motosandresmontoya.com\/wp-content\/uploads\/2025\/10\/ChatGPT-Image-21-oct-2025-08_58_21.png 1024w, https:\/\/motosandresmontoya.com\/wp-content\/uploads\/2025\/10\/ChatGPT-Image-21-oct-2025-08_58_21-300x300.png 300w, https:\/\/motosandresmontoya.com\/wp-content\/uploads\/2025\/10\/ChatGPT-Image-21-oct-2025-08_58_21-150x150.png 150w, https:\/\/motosandresmontoya.com\/wp-content\/uploads\/2025\/10\/ChatGPT-Image-21-oct-2025-08_58_21-768x768.png 768w\" sizes=\"auto, (max-width: 1024px) 100vw, 1024px\" \/><\/figure>\n<\/figure>\n<\/div>\n\n\n\n<div class=\"wp-block-column has-default-color has-text-color has-link-color wp-elements-1 is-layout-flow wp-block-column-is-layout-flow\">\n<h2 class=\"wp-block-heading has-text-align-center\">Terreno conquistado<\/h2>\n\n\n\n<hr class=\"wp-block-separator has-text-color has-default-color has-alpha-channel-opacity has-default-background-color has-background\"\/>\n\n\n\n<p class=\"wp-block-paragraph\">El Linhai LH 320 Promax EFI 4\u00d74 es el ATV de aventuras que desaf\u00eda los l\u00edmites. Con motor monocil\u00edndrico de 275 cc, inyecci\u00f3n electr\u00f3nica (EFI), refrigeraci\u00f3n l\u00edquida, tracci\u00f3n 4\u00d74 y chasis pensado para todo terreno, ofrece rendimiento, fiabilidad y control incluso en los entornos m\u00e1s exigentes. Una elecci\u00f3n inteligente para quienes buscan trabajo, ocio y aventura en un solo veh\u00edculo.<\/p>\n\n\n\n<p class=\"wp-block-paragraph\"><strong>PVPR LH320 4&#215;4: 4.970,00\u20ac<\/strong><\/p>\n\n\n\n<p class=\"wp-block-paragraph\"><strong>PVPR LH320 2&#215;4: 3.990,00\u20ac<\/strong><\/p>\n\n\n\n<p class=\"wp-block-paragraph\">Iva incluido. Los gastos de matriculaci\u00f3n y portes hasta Baleares y Canaria no incluidos.<\/p>\n\n\n\n<div class=\"wp-block-buttons is-content-justification-center is-layout-flex wp-container-core-buttons-is-layout-3e41869c wp-block-buttons-is-layout-flex\">\n<div class=\"wp-block-button has-custom-width wp-block-button__width-50\"><a class=\"wp-block-button__link wp-element-button\">Especificaciones<\/a><\/div>\n<\/div>\n<\/div>\n<\/div>\n\n\n\n<hr class=\"wp-block-separator has-text-color has-default-color has-alpha-channel-opacity has-default-background-color has-background\"\/>\n\n\n\n<h2 class=\"wp-block-heading has-text-align-center has-default-color has-text-color has-link-color wp-elements-2\">Especificaciones<\/h2>\n\n\n\n<div class=\"guten-element guten-tabs guten-Znxwxd horizontal-center\"><div class=\"tab-heading\"><div class=\"tab-heading-item active\" id=\"tab-a3Ww6D\" data-id=\"tab-a3Ww6D\"><span>Motor\/ Transmisi\u00f3n<\/span><\/div><div class=\"tab-heading-item\" id=\"tab-g8ldAS\" data-id=\"tab-g8ldAS\"><span>Chasis<\/span><\/div><div class=\"tab-heading-item\" id=\"tab-tjNNeI\" data-id=\"tab-tjNNeI\"><span>Dimensiones<\/span><\/div><\/div><div class=\"tab-heading-mobile\"><div class=\"tab-title\"><span>Motor\/ Transmisi\u00f3n<\/span><i class=\"tab-dropdown-icon fas\"><\/i><\/div><div class=\"tab-option\"><div data-id=\"tab-a3Ww6D\" class=\"tab-option-item active\"><span>Motor\/ Transmisi\u00f3n<\/span><\/div><div data-id=\"tab-g8ldAS\" class=\"tab-option-item\"><span>Chasis<\/span><\/div><div data-id=\"tab-tjNNeI\" class=\"tab-option-item\"><span>Dimensiones<\/span><\/div><\/div><\/div><div class=\"tab-body\">\n<div class=\"tab-a3Ww6D tab-body-item\" data-id=\"tab-a3Ww6D\">\n<p class=\"wp-block-paragraph\"><strong>Tipo<\/strong><br>Monocilindrico, 4 tiempos<\/p>\n\n\n\n<p class=\"wp-block-paragraph\"><strong>Refrigeraci\u00f3n<\/strong><br>Liquida<\/p>\n\n\n\n<p class=\"wp-block-paragraph\"><strong>Cilindrada (cm3)<\/strong><br>275<\/p>\n\n\n\n<p class=\"wp-block-paragraph\"><strong>Carrera x Di\u00e1metro (mm)<\/strong><br>66,8\u00d772,5<\/p>\n\n\n\n<p class=\"wp-block-paragraph\"><strong>Alimentaci\u00f3n<\/strong><strong><br><\/strong>Inyecci\u00f3n<\/p>\n\n\n\n<p class=\"wp-block-paragraph\"><strong>Sistema de Arranque<\/strong><br>El\u00e9ctrico<\/p>\n\n\n\n<p class=\"wp-block-paragraph\"><strong>Sistema de Transmisi\u00f3n<\/strong><br>Variador&nbsp;autom\u00e1tico H\/L\/N\/R<\/p>\n\n\n\n<p class=\"wp-block-paragraph\"><strong>Tipo de Transmisi\u00f3n<\/strong><br>2\u00d74 \/ 4\u00d74<\/p>\n\n\n\n<p class=\"wp-block-paragraph\"><strong>Homologaci\u00f3n<\/strong><br>T3b (2 plazas)<\/p>\n<\/div>\n\n\n\n<div class=\"tab-g8ldAS tab-body-item\" data-id=\"tab-g8ldAS\">\n<p class=\"has-text-align-center wp-block-paragraph\"><strong>Suspensi\u00f3n delantera<\/strong><br>MacPherson<\/p>\n\n\n\n<p class=\"has-text-align-center wp-block-paragraph\"><strong>Suspensi\u00f3n trasera<\/strong><br>Brazo oscilante<\/p>\n\n\n\n<p class=\"has-text-align-center wp-block-paragraph\"><strong>Frenos delanteros<\/strong><br>Doble Disco<\/p>\n\n\n\n<p class=\"has-text-align-center wp-block-paragraph\"><strong>Frenos traseros<\/strong><br>Disco<\/p>\n\n\n\n<p class=\"has-text-align-center wp-block-paragraph\"><strong>Llantas<\/strong><strong><br><\/strong>Hierro<\/p>\n\n\n\n<p class=\"has-text-align-center wp-block-paragraph\"><strong>Neum\u00e1ticos delanteros<\/strong><br>24\u00d78-12<\/p>\n\n\n\n<p class=\"has-text-align-center wp-block-paragraph\"><strong>Neum\u00e1ticos Traseros<\/strong><br>24\u00d711-10<\/p>\n<\/div>\n\n\n\n<div class=\"tab-tjNNeI tab-body-item\" data-id=\"tab-tjNNeI\">\n<p class=\"has-text-align-right wp-block-paragraph\"><strong>Longitud (mm)<\/strong><br>2160<\/p>\n\n\n\n<p class=\"has-text-align-right wp-block-paragraph\"><strong>Anchura (mm)<\/strong><br>1140<\/p>\n\n\n\n<p class=\"has-text-align-right wp-block-paragraph\"><strong>Altura (mm)<\/strong><br>1270<\/p>\n\n\n\n<p class=\"has-text-align-right wp-block-paragraph\"><strong>Distancia entre ejes (mm)<\/strong><br>1215<\/p>\n\n\n\n<p class=\"has-text-align-right wp-block-paragraph\"><strong>Altura del Asiento (mm)<\/strong><br>865<\/p>\n\n\n\n<p class=\"has-text-align-right wp-block-paragraph\"><strong>Peso (kg)<\/strong><br>411<\/p>\n\n\n\n<p class=\"has-text-align-right wp-block-paragraph\"><strong>Capacidad Combustible (l)<\/strong><br>12,5<\/p>\n<\/div>\n<\/div><\/div>\n\n\n\n<p class=\"wp-block-paragraph\"><\/p>\n","protected":false},"excerpt":{"rendered":"<p>Terreno conquistado El Linhai LH 320 Promax EFI 4\u00d74 es el ATV de aventuras que desaf\u00eda los l\u00edmites. Con motor monocil\u00edndrico de 275 cc, inyecci\u00f3n electr\u00f3nica (EFI), refrigeraci\u00f3n l\u00edquida, tracci\u00f3n 4\u00d74 y chasis pensado para todo terreno, ofrece rendimiento, fiabilidad y control incluso en los entornos m\u00e1s exigentes. Una elecci\u00f3n inteligente para quienes buscan trabajo, [&hellip;]<\/p>\n","protected":false},"author":1,"featured_media":0,"parent":0,"menu_order":0,"comment_status":"closed","ping_status":"closed","template":"","meta":{"footnotes":""},"class_list":["post-1245","page","type-page","status-publish","hentry"],"_links":{"self":[{"href":"https:\/\/motosandresmontoya.com\/index.php?rest_route=\/wp\/v2\/pages\/1245","targetHints":{"allow":["GET"]}}],"collection":[{"href":"https:\/\/motosandresmontoya.com\/index.php?rest_route=\/wp\/v2\/pages"}],"about":[{"href":"https:\/\/motosandresmontoya.com\/index.php?rest_route=\/wp\/v2\/types\/page"}],"author":[{"embeddable":true,"href":"https:\/\/motosandresmontoya.com\/index.php?rest_route=\/wp\/v2\/users\/1"}],"replies":[{"embeddable":true,"href":"https:\/\/motosandresmontoya.com\/index.php?rest_route=%2Fwp%2Fv2%2Fcomments&post=1245"}],"version-history":[{"count":3,"href":"https:\/\/motosandresmontoya.com\/index.php?rest_route=\/wp\/v2\/pages\/1245\/revisions"}],"predecessor-version":[{"id":2292,"href":"https:\/\/motosandresmontoya.com\/index.php?rest_route=\/wp\/v2\/pages\/1245\/revisions\/2292"}],"wp:attachment":[{"href":"https:\/\/motosandresmontoya.com\/index.php?rest_route=%2Fwp%2Fv2%2Fmedia&parent=1245"}],"curies":[{"name":"wp","href":"https:\/\/api.w.org\/{rel}","templated":true}]}}

<div class="wp-block-columns is-layout-flex wp-container-core-columns-is-layout-7387b849 wp-block-columns-is-layout-flex">
<div class="wp-block-column is-layout-flow wp-block-column-is-layout-flow">
<figure class="wp-block-gallery has-nested-images columns-default is-cropped wp-block-gallery-1 is-layout-flex wp-block-gallery-is-layout-flex">
<figure class="wp-block-image size-large"><img loading="lazy" decoding="async" width="1024" height="1024" data-id="1248" src="https://motosandresmontoya.com/wp-content/uploads/2025/10/ChatGPT-Image-21-oct-2025-08_58_21.png" alt="" class="wp-image-1248" srcset="https://motosandresmontoya.com/wp-content/uploads/2025/10/ChatGPT-Image-21-oct-2025-08_58_21.png 1024w, https://motosandresmontoya.com/wp-content/uploads/2025/10/ChatGPT-Image-21-oct-2025-08_58_21-300x300.png 300w, https://motosandresmontoya.com/wp-content/uploads/2025/10/ChatGPT-Image-21-oct-2025-08_58_21-150x150.png 150w, https://motosandresmontoya.com/wp-content/uploads/2025/10/ChatGPT-Image-21-oct-2025-08_58_21-768x768.png 768w" sizes="auto, (max-width: 1024px) 100vw, 1024px" /></figure>
</figure>
</div>



<div class="wp-block-column has-default-color has-text-color has-link-color wp-elements-1 is-layout-flow wp-block-column-is-layout-flow">
<h2 class="wp-block-heading has-text-align-center">Terreno conquistado</h2>



<hr class="wp-block-separator has-text-color has-default-color has-alpha-channel-opacity has-default-background-color has-background"/>



<p class="wp-block-paragraph">El Linhai LH 320 Promax EFI 4×4 es el ATV de aventuras que desafía los límites. Con motor monocilíndrico de 275 cc, inyección electrónica (EFI), refrigeración líquida, tracción 4×4 y chasis pensado para todo terreno, ofrece rendimiento, fiabilidad y control incluso en los entornos más exigentes. Una elección inteligente para quienes buscan trabajo, ocio y aventura en un solo vehículo.</p>



<p class="wp-block-paragraph"><strong>PVPR LH320 4&#215;4: 4.970,00€</strong></p>



<p class="wp-block-paragraph"><strong>PVPR LH320 2&#215;4: 3.990,00€</strong></p>



<p class="wp-block-paragraph">Iva incluido. Los gastos de matriculación y portes hasta Baleares y Canaria no incluidos.</p>



<div class="wp-block-buttons is-content-justification-center is-layout-flex wp-container-core-buttons-is-layout-3e41869c wp-block-buttons-is-layout-flex">
<div class="wp-block-button has-custom-width wp-block-button__width-50"><a class="wp-block-button__link wp-element-button">Especificaciones</a></div>
</div>
</div>
</div>



<hr class="wp-block-separator has-text-color has-default-color has-alpha-channel-opacity has-default-background-color has-background"/>



<h2 class="wp-block-heading has-text-align-center has-default-color has-text-color has-link-color wp-elements-2">Especificaciones</h2>



<div class="guten-element guten-tabs guten-Znxwxd horizontal-center"><div class="tab-heading"><div class="tab-heading-item active" id="tab-a3Ww6D" data-id="tab-a3Ww6D"><span>Motor/ Transmisión</span></div><div class="tab-heading-item" id="tab-g8ldAS" data-id="tab-g8ldAS"><span>Chasis</span></div><div class="tab-heading-item" id="tab-tjNNeI" data-id="tab-tjNNeI"><span>Dimensiones</span></div></div><div class="tab-heading-mobile"><div class="tab-title"><span>Motor/ Transmisión</span><i class="tab-dropdown-icon fas"></i></div><div class="tab-option"><div data-id="tab-a3Ww6D" class="tab-option-item active"><span>Motor/ Transmisión</span></div><div data-id="tab-g8ldAS" class="tab-option-item"><span>Chasis</span></div><div data-id="tab-tjNNeI" class="tab-option-item"><span>Dimensiones</span></div></div></div><div class="tab-body">
<div class="tab-a3Ww6D tab-body-item" data-id="tab-a3Ww6D">
<p class="wp-block-paragraph"><strong>Tipo</strong><br>Monocilindrico, 4 tiempos</p>



<p class="wp-block-paragraph"><strong>Refrigeración</strong><br>Liquida</p>



<p class="wp-block-paragraph"><strong>Cilindrada (cm3)</strong><br>275</p>



<p class="wp-block-paragraph"><strong>Carrera x Diámetro (mm)</strong><br>66,8×72,5</p>



<p class="wp-block-paragraph"><strong>Alimentación</strong><strong><br></strong>Inyección</p>



<p class="wp-block-paragraph"><strong>Sistema de Arranque</strong><br>Eléctrico</p>



<p class="wp-block-paragraph"><strong>Sistema de Transmisión</strong><br>Variador&nbsp;automático H/L/N/R</p>



<p class="wp-block-paragraph"><strong>Tipo de Transmisión</strong><br>2×4 / 4×4</p>



<p class="wp-block-paragraph"><strong>Homologación</strong><br>T3b (2 plazas)</p>
</div>



<div class="tab-g8ldAS tab-body-item" data-id="tab-g8ldAS">
<p class="has-text-align-center wp-block-paragraph"><strong>Suspensión delantera</strong><br>MacPherson</p>



<p class="has-text-align-center wp-block-paragraph"><strong>Suspensión trasera</strong><br>Brazo oscilante</p>



<p class="has-text-align-center wp-block-paragraph"><strong>Frenos delanteros</strong><br>Doble Disco</p>



<p class="has-text-align-center wp-block-paragraph"><strong>Frenos traseros</strong><br>Disco</p>



<p class="has-text-align-center wp-block-paragraph"><strong>Llantas</strong><strong><br></strong>Hierro</p>



<p class="has-text-align-center wp-block-paragraph"><strong>Neumáticos delanteros</strong><br>24×8-12</p>



<p class="has-text-align-center wp-block-paragraph"><strong>Neumáticos Traseros</strong><br>24×11-10</p>
</div>



<div class="tab-tjNNeI tab-body-item" data-id="tab-tjNNeI">
<p class="has-text-align-right wp-block-paragraph"><strong>Longitud (mm)</strong><br>2160</p>



<p class="has-text-align-right wp-block-paragraph"><strong>Anchura (mm)</strong><br>1140</p>



<p class="has-text-align-right wp-block-paragraph"><strong>Altura (mm)</strong><br>1270</p>



<p class="has-text-align-right wp-block-paragraph"><strong>Distancia entre ejes (mm)</strong><br>1215</p>



<p class="has-text-align-right wp-block-paragraph"><strong>Altura del Asiento (mm)</strong><br>865</p>



<p class="has-text-align-right wp-block-paragraph"><strong>Peso (kg)</strong><br>411</p>



<p class="has-text-align-right wp-block-paragraph"><strong>Capacidad Combustible (l)</strong><br>12,5</p>
</div>
</div></div>



<p class="wp-block-paragraph"></p>

<p>Terreno conquistado El Linhai LH 320 Promax EFI 4×4 es el ATV de aventuras que desafía los límites. Con motor monocilíndrico de 275 cc, inyección electrónica (EFI), refrigeración líquida, tracción 4×4 y chasis pensado para todo terreno, ofrece rendimiento, fiabilidad y control incluso en los entornos más exigentes. Una elección inteligente para quienes buscan trabajo, [&hellip;]</p>
