{"id":1227,"date":"2025-10-21T06:50:03","date_gmt":"2025-10-21T06:50:03","guid":{"rendered":"https:\/\/motosandresmontoya.com\/?page_id=1227"},"modified":"2025-11-10T11:05:36","modified_gmt":"2025-11-10T11:05:36","slug":"especificaciones-landforce-650-efi-eps-4x4","status":"publish","type":"page","link":"https:\/\/motosandresmontoya.com\/?page_id=1227","title":{"rendered":"LANDFORCE 650 EFI EPS 4\u00d74"},"content":{"rendered":"\n<div class=\"wp-block-columns is-layout-flex wp-container-core-columns-is-layout-7387b849 wp-block-columns-is-layout-flex\">\n<div class=\"wp-block-column is-layout-flow wp-block-column-is-layout-flow\">\n<figure class=\"wp-block-gallery has-nested-images columns-default is-cropped wp-block-gallery-1 is-layout-flex wp-block-gallery-is-layout-flex\">\n<figure class=\"wp-block-image size-large\"><img loading=\"lazy\" decoding=\"async\" width=\"1024\" height=\"1024\" data-id=\"1229\" src=\"https:\/\/motosandresmontoya.com\/wp-content\/uploads\/2025\/10\/ChatGPT-Image-21-oct-2025-08_32_12.png\" alt=\"\" class=\"wp-image-1229\" srcset=\"https:\/\/motosandresmontoya.com\/wp-content\/uploads\/2025\/10\/ChatGPT-Image-21-oct-2025-08_32_12.png 1024w, https:\/\/motosandresmontoya.com\/wp-content\/uploads\/2025\/10\/ChatGPT-Image-21-oct-2025-08_32_12-300x300.png 300w, https:\/\/motosandresmontoya.com\/wp-content\/uploads\/2025\/10\/ChatGPT-Image-21-oct-2025-08_32_12-150x150.png 150w, https:\/\/motosandresmontoya.com\/wp-content\/uploads\/2025\/10\/ChatGPT-Image-21-oct-2025-08_32_12-768x768.png 768w\" sizes=\"auto, (max-width: 1024px) 100vw, 1024px\" \/><\/figure>\n<\/figure>\n<\/div>\n\n\n\n<div class=\"wp-block-column has-default-color has-text-color has-link-color wp-elements-1 is-layout-flow wp-block-column-is-layout-flow\">\n<h2 class=\"wp-block-heading has-text-align-center\">Poder total<\/h2>\n\n\n\n<hr class=\"wp-block-separator has-alpha-channel-opacity\"\/>\n\n\n\n<p class=\"wp-block-paragraph\">El Landforce 650 EFI EPS 4\u00d74 es un todo terreno de altas prestaciones dise\u00f1ado para los retos m\u00e1s exigentes. Con motor EFI, direcci\u00f3n asistida el\u00e9ctrica (EPS), tracci\u00f3n total 4\u00d74 y componentes robustos, ofrece control pleno, potencia y durabilidad en cualquier tipo de terreno. La elecci\u00f3n ideal para quienes necesitan un veh\u00edculo confiable, potente y capaz de afrontar lo que venga.<\/p>\n\n\n\n<p class=\"wp-block-paragraph\"><strong>PVPR: 7.990,00\u20ac<\/strong><\/p>\n\n\n\n<p class=\"wp-block-paragraph\">Iva incluido. Los gastos de matriculaci\u00f3n y portes hasta Baleares y Canaria no incluidos.<\/p>\n\n\n\n<div class=\"wp-block-buttons is-content-justification-center is-layout-flex wp-container-core-buttons-is-layout-3e41869c wp-block-buttons-is-layout-flex\">\n<div class=\"wp-block-button has-custom-width wp-block-button__width-50\"><a class=\"wp-block-button__link has-text-align-center wp-element-button\">Fotos<\/a><\/div>\n<\/div>\n<\/div>\n<\/div>\n\n\n\n<hr class=\"wp-block-separator has-text-color has-default-color has-alpha-channel-opacity has-default-background-color has-background\"\/>\n\n\n\n<h2 class=\"wp-block-heading has-text-align-center has-default-color has-text-color has-link-color wp-elements-2\">Especificaciones<\/h2>\n\n\n\n<div class=\"guten-element guten-tabs guten-XCZ6t0 horizontal-center\"><div class=\"tab-heading\"><div class=\"tab-heading-item active\" id=\"tab-ifRfP2\" data-id=\"tab-ifRfP2\"><span>Motor\/ Transmisi\u00f3n<\/span><\/div><div class=\"tab-heading-item\" id=\"tab-zCxM99\" data-id=\"tab-zCxM99\"><span>Chasis<\/span><\/div><div class=\"tab-heading-item\" id=\"tab-wdny95\" data-id=\"tab-wdny95\"><span>Dimensiones<\/span><\/div><\/div><div class=\"tab-heading-mobile\"><div class=\"tab-title\"><span>Motor\/ Transmisi\u00f3n<\/span><i class=\"tab-dropdown-icon fas\"><\/i><\/div><div class=\"tab-option\"><div data-id=\"tab-ifRfP2\" class=\"tab-option-item active\"><span>Motor\/ Transmisi\u00f3n<\/span><\/div><div data-id=\"tab-zCxM99\" class=\"tab-option-item\"><span>Chasis<\/span><\/div><div data-id=\"tab-wdny95\" class=\"tab-option-item\"><span>Dimensiones<\/span><\/div><\/div><\/div><div class=\"tab-body\">\n<div class=\"tab-ifRfP2 tab-body-item\" data-id=\"tab-ifRfP2\">\n<p class=\"wp-block-paragraph\"><strong>Tipo<\/strong><br>Monocilindrico, 4 tiempos<\/p>\n\n\n\n<p class=\"wp-block-paragraph\"><strong>Refrigeraci\u00f3n<\/strong><br>Liquida<\/p>\n\n\n\n<p class=\"wp-block-paragraph\"><strong>Cilindrada (cm3)<\/strong><br>580<\/p>\n\n\n\n<p class=\"wp-block-paragraph\"><strong>Carrera x Di\u00e1metro (mm)<\/strong><br>91 mm x 89,2 mm<\/p>\n\n\n\n<p class=\"wp-block-paragraph\"><strong>Sistema de Arranque<\/strong><br>El\u00e9ctrico<\/p>\n\n\n\n<p class=\"wp-block-paragraph\"><strong>Sistema de Transmisi\u00f3n<\/strong><br>Variador&nbsp;autom\u00e1tico H\/L\/N\/R<\/p>\n\n\n\n<p class=\"wp-block-paragraph\"><strong>Tipo de Tracci\u00f3n<\/strong><br>2\u00d74 \/ 4\u00d74<\/p>\n\n\n\n<p class=\"wp-block-paragraph\"><strong>Homologaci\u00f3n<\/strong><br>T3b (2 plazas)<\/p>\n<\/div>\n\n\n\n<div class=\"tab-zCxM99 tab-body-item\" data-id=\"tab-zCxM99\">\n<p class=\"has-text-align-center wp-block-paragraph\"><strong>Suspensi\u00f3n delantera<\/strong><br>Doble trapecio<\/p>\n\n\n\n<p class=\"has-text-align-center wp-block-paragraph\"><strong>Suspensi\u00f3n trasera<\/strong><br>Tri\u00e1ngulos Dobles independientes<\/p>\n\n\n\n<p class=\"has-text-align-center wp-block-paragraph\"><strong>Frenos delanteros<\/strong><br>Tri\u00e1ngulos Dobles independientes<\/p>\n\n\n\n<p class=\"has-text-align-center wp-block-paragraph\"><strong>Frenos traseros<\/strong><br>Disco<\/p>\n\n\n\n<p class=\"has-text-align-center wp-block-paragraph\"><strong>Llantas<\/strong><strong><br><\/strong>Aluminio<\/p>\n\n\n\n<p class=\"has-text-align-center wp-block-paragraph\"><strong>Neum\u00e1ticos delanteros<\/strong><br>26\u00d79-14<\/p>\n\n\n\n<p class=\"has-text-align-center wp-block-paragraph\"><strong>Neum\u00e1ticos Traseros<\/strong><br>26\u00d711-14<\/p>\n<\/div>\n\n\n\n<div class=\"tab-wdny95 tab-body-item\" data-id=\"tab-wdny95\">\n<p class=\"has-text-align-right wp-block-paragraph\"><strong>Longitud (mm)<\/strong><br>2395<\/p>\n\n\n\n<p class=\"has-text-align-right wp-block-paragraph\"><strong>Anchura (mm)<\/strong><br>1185<\/p>\n\n\n\n<p class=\"has-text-align-right wp-block-paragraph\"><strong>Altura (mm)<\/strong><br>1410<\/p>\n\n\n\n<p class=\"has-text-align-right wp-block-paragraph\"><strong>Distancia entre ejes (mm)<\/strong><br>1475<\/p>\n\n\n\n<p class=\"has-text-align-right wp-block-paragraph\"><strong>Peso (kg)<\/strong><br>473<\/p>\n\n\n\n<p class=\"has-text-align-right wp-block-paragraph\"><strong>Capacidad Combustible (l)<\/strong><br>22<\/p>\n<\/div>\n<\/div><\/div>\n\n\n\n<p class=\"wp-block-paragraph\"><\/p>\n","protected":false},"excerpt":{"rendered":"<p>Poder total El Landforce 650 EFI EPS 4\u00d74 es un todo terreno de altas prestaciones dise\u00f1ado para los retos m\u00e1s exigentes. Con motor EFI, direcci\u00f3n asistida el\u00e9ctrica (EPS), tracci\u00f3n total 4\u00d74 y componentes robustos, ofrece control pleno, potencia y durabilidad en cualquier tipo de terreno. La elecci\u00f3n ideal para quienes necesitan un veh\u00edculo confiable, potente [&hellip;]<\/p>\n","protected":false},"author":1,"featured_media":0,"parent":0,"menu_order":0,"comment_status":"closed","ping_status":"closed","template":"","meta":{"footnotes":""},"class_list":["post-1227","page","type-page","status-publish","hentry"],"_links":{"self":[{"href":"https:\/\/motosandresmontoya.com\/index.php?rest_route=\/wp\/v2\/pages\/1227","targetHints":{"allow":["GET"]}}],"collection":[{"href":"https:\/\/motosandresmontoya.com\/index.php?rest_route=\/wp\/v2\/pages"}],"about":[{"href":"https:\/\/motosandresmontoya.com\/index.php?rest_route=\/wp\/v2\/types\/page"}],"author":[{"embeddable":true,"href":"https:\/\/motosandresmontoya.com\/index.php?rest_route=\/wp\/v2\/users\/1"}],"replies":[{"embeddable":true,"href":"https:\/\/motosandresmontoya.com\/index.php?rest_route=%2Fwp%2Fv2%2Fcomments&post=1227"}],"version-history":[{"count":5,"href":"https:\/\/motosandresmontoya.com\/index.php?rest_route=\/wp\/v2\/pages\/1227\/revisions"}],"predecessor-version":[{"id":2293,"href":"https:\/\/motosandresmontoya.com\/index.php?rest_route=\/wp\/v2\/pages\/1227\/revisions\/2293"}],"wp:attachment":[{"href":"https:\/\/motosandresmontoya.com\/index.php?rest_route=%2Fwp%2Fv2%2Fmedia&parent=1227"}],"curies":[{"name":"wp","href":"https:\/\/api.w.org\/{rel}","templated":true}]}}

<div class="wp-block-columns is-layout-flex wp-container-core-columns-is-layout-7387b849 wp-block-columns-is-layout-flex">
<div class="wp-block-column is-layout-flow wp-block-column-is-layout-flow">
<figure class="wp-block-gallery has-nested-images columns-default is-cropped wp-block-gallery-1 is-layout-flex wp-block-gallery-is-layout-flex">
<figure class="wp-block-image size-large"><img loading="lazy" decoding="async" width="1024" height="1024" data-id="1229" src="https://motosandresmontoya.com/wp-content/uploads/2025/10/ChatGPT-Image-21-oct-2025-08_32_12.png" alt="" class="wp-image-1229" srcset="https://motosandresmontoya.com/wp-content/uploads/2025/10/ChatGPT-Image-21-oct-2025-08_32_12.png 1024w, https://motosandresmontoya.com/wp-content/uploads/2025/10/ChatGPT-Image-21-oct-2025-08_32_12-300x300.png 300w, https://motosandresmontoya.com/wp-content/uploads/2025/10/ChatGPT-Image-21-oct-2025-08_32_12-150x150.png 150w, https://motosandresmontoya.com/wp-content/uploads/2025/10/ChatGPT-Image-21-oct-2025-08_32_12-768x768.png 768w" sizes="auto, (max-width: 1024px) 100vw, 1024px" /></figure>
</figure>
</div>



<div class="wp-block-column has-default-color has-text-color has-link-color wp-elements-1 is-layout-flow wp-block-column-is-layout-flow">
<h2 class="wp-block-heading has-text-align-center">Poder total</h2>



<hr class="wp-block-separator has-alpha-channel-opacity"/>



<p class="wp-block-paragraph">El Landforce 650 EFI EPS 4×4 es un todo terreno de altas prestaciones diseñado para los retos más exigentes. Con motor EFI, dirección asistida eléctrica (EPS), tracción total 4×4 y componentes robustos, ofrece control pleno, potencia y durabilidad en cualquier tipo de terreno. La elección ideal para quienes necesitan un vehículo confiable, potente y capaz de afrontar lo que venga.</p>



<p class="wp-block-paragraph"><strong>PVPR: 7.990,00€</strong></p>



<p class="wp-block-paragraph">Iva incluido. Los gastos de matriculación y portes hasta Baleares y Canaria no incluidos.</p>



<div class="wp-block-buttons is-content-justification-center is-layout-flex wp-container-core-buttons-is-layout-3e41869c wp-block-buttons-is-layout-flex">
<div class="wp-block-button has-custom-width wp-block-button__width-50"><a class="wp-block-button__link has-text-align-center wp-element-button">Fotos</a></div>
</div>
</div>
</div>



<hr class="wp-block-separator has-text-color has-default-color has-alpha-channel-opacity has-default-background-color has-background"/>



<h2 class="wp-block-heading has-text-align-center has-default-color has-text-color has-link-color wp-elements-2">Especificaciones</h2>



<div class="guten-element guten-tabs guten-XCZ6t0 horizontal-center"><div class="tab-heading"><div class="tab-heading-item active" id="tab-ifRfP2" data-id="tab-ifRfP2"><span>Motor/ Transmisión</span></div><div class="tab-heading-item" id="tab-zCxM99" data-id="tab-zCxM99"><span>Chasis</span></div><div class="tab-heading-item" id="tab-wdny95" data-id="tab-wdny95"><span>Dimensiones</span></div></div><div class="tab-heading-mobile"><div class="tab-title"><span>Motor/ Transmisión</span><i class="tab-dropdown-icon fas"></i></div><div class="tab-option"><div data-id="tab-ifRfP2" class="tab-option-item active"><span>Motor/ Transmisión</span></div><div data-id="tab-zCxM99" class="tab-option-item"><span>Chasis</span></div><div data-id="tab-wdny95" class="tab-option-item"><span>Dimensiones</span></div></div></div><div class="tab-body">
<div class="tab-ifRfP2 tab-body-item" data-id="tab-ifRfP2">
<p class="wp-block-paragraph"><strong>Tipo</strong><br>Monocilindrico, 4 tiempos</p>



<p class="wp-block-paragraph"><strong>Refrigeración</strong><br>Liquida</p>



<p class="wp-block-paragraph"><strong>Cilindrada (cm3)</strong><br>580</p>



<p class="wp-block-paragraph"><strong>Carrera x Diámetro (mm)</strong><br>91 mm x 89,2 mm</p>



<p class="wp-block-paragraph"><strong>Sistema de Arranque</strong><br>Eléctrico</p>



<p class="wp-block-paragraph"><strong>Sistema de Transmisión</strong><br>Variador&nbsp;automático H/L/N/R</p>



<p class="wp-block-paragraph"><strong>Tipo de Tracción</strong><br>2×4 / 4×4</p>



<p class="wp-block-paragraph"><strong>Homologación</strong><br>T3b (2 plazas)</p>
</div>



<div class="tab-zCxM99 tab-body-item" data-id="tab-zCxM99">
<p class="has-text-align-center wp-block-paragraph"><strong>Suspensión delantera</strong><br>Doble trapecio</p>



<p class="has-text-align-center wp-block-paragraph"><strong>Suspensión trasera</strong><br>Triángulos Dobles independientes</p>



<p class="has-text-align-center wp-block-paragraph"><strong>Frenos delanteros</strong><br>Triángulos Dobles independientes</p>



<p class="has-text-align-center wp-block-paragraph"><strong>Frenos traseros</strong><br>Disco</p>



<p class="has-text-align-center wp-block-paragraph"><strong>Llantas</strong><strong><br></strong>Aluminio</p>



<p class="has-text-align-center wp-block-paragraph"><strong>Neumáticos delanteros</strong><br>26×9-14</p>



<p class="has-text-align-center wp-block-paragraph"><strong>Neumáticos Traseros</strong><br>26×11-14</p>
</div>



<div class="tab-wdny95 tab-body-item" data-id="tab-wdny95">
<p class="has-text-align-right wp-block-paragraph"><strong>Longitud (mm)</strong><br>2395</p>



<p class="has-text-align-right wp-block-paragraph"><strong>Anchura (mm)</strong><br>1185</p>



<p class="has-text-align-right wp-block-paragraph"><strong>Altura (mm)</strong><br>1410</p>



<p class="has-text-align-right wp-block-paragraph"><strong>Distancia entre ejes (mm)</strong><br>1475</p>



<p class="has-text-align-right wp-block-paragraph"><strong>Peso (kg)</strong><br>473</p>



<p class="has-text-align-right wp-block-paragraph"><strong>Capacidad Combustible (l)</strong><br>22</p>
</div>
</div></div>



<p class="wp-block-paragraph"></p>

<p>Poder total El Landforce 650 EFI EPS 4×4 es un todo terreno de altas prestaciones diseñado para los retos más exigentes. Con motor EFI, dirección asistida eléctrica (EPS), tracción total 4×4 y componentes robustos, ofrece control pleno, potencia y durabilidad en cualquier tipo de terreno. La elección ideal para quienes necesitan un vehículo confiable, potente [&hellip;]</p>
